{"id":15,"date":"2007-10-09T22:25:00","date_gmt":"2007-10-09T21:25:00","guid":{"rendered":"http:\/\/recursosele.wordpress.com\/verbos\/"},"modified":"2009-12-01T19:44:05","modified_gmt":"2009-12-01T18:44:05","slug":"verbos","status":"publish","type":"page","link":"http:\/\/www.apuntesdelengua.com\/blog\/ortografia-y-vocabulario\/verbos\/","title":{"rendered":"Verbos"},"content":{"rendered":"<p class=\"page-content\">\u00a0<\/p>\n<address><em><strong><span style=\"color:#0000ff;\">Conjugador de verbos:<\/span><\/strong><\/em> <strong><span style=\"color:#0000ff;\"><a title=\"Conjugador verbal\" href=\"http:\/\/www.verbolog.com\" target=\"_blank\">Verblog<\/a><\/span><\/strong><\/address>\n<address><em><strong><span style=\"color:#0000ff;\">Conjugador de verbos: <\/span><\/strong><\/em><strong><span style=\"color:#0000ff;\"><a title=\"Conjugador de verbos\" href=\"http:\/\/www.lenguaje.com\/herramientas\/conjugador.php\" target=\"_blank\">lenguaje.com<\/a><\/span><\/strong><\/address>\n<address><\/address>\n<address><strong><a href=\"http:\/\/docs.google.com\/Doc?id=dhg2957k_20hfzddt\" target=\"_blank\">Teor\u00eda de Verbos con definiciones, esquemas y ejercicios de Vicente Llop<\/a><\/strong> <\/address>\n<p class=\"snap_preview\">\u00a0<\/p>\n<p class=\"snap_preview\"><span style=\"text-decoration:underline;\"><span style=\"color:#0000ff;\"><em><strong>SER y ESTAR<\/strong><\/em><\/span><\/span><\/p>\n<p>Uno de los principales puntos de atenci\u00f3n en la clase de ELE es el del uso de dos verbos muy imporantes en espa\u00f1ol, como <em><strong>SER y ESTAR<\/strong><\/em>. A continuaci\u00f3n os muestro una serie de enlaces que os pueden ayudar a vuestra explicaci\u00f3n as\u00ed como una serie de ejercicios muy \u00fatiles.<\/p>\n<blockquote>\n<address><a title=\"SER y ESTAR\" href=\"http:\/\/docs.google.com\/View?docID=dhg2957k_15dgtgjj&amp;revision=_latest\" target=\"_blank\">Cuadros explicativos<\/a> (Escuela Internacional) <\/address>\n<address><span style=\"color:#0000ff;\"><a title=\"Ejercicios SER y ESTAR\" href=\"http:\/\/docs.google.com\/View?docID=dhg2957k_16tshqdz&amp;revision=_latest\" target=\"_blank\">Ejercicios<\/a><\/span><\/address>\n<address><span style=\"color:#0000ff;\"><a title=\"Ejercicios con Alejandro Sanz\" href=\"http:\/\/docs.google.com\/Doc?docid=dhg2957k_17x2k4dk&amp;hl=es\" target=\"_blank\">Ejercicios con Alejandro Sanz<\/a> <a title=\"Alejandro Sanz - No es lo mismo\" href=\"http:\/\/youtube.com\/watch?v=JHJPKvJxmuo\" target=\"_blank\">videoclip<\/a><\/span><\/address>\n<address><span style=\"color:#0000ff;\"><a title=\"Pret\u00e9rito Imperfecto\" href=\"http:\/\/ocw.mit.edu\/NR\/rdonlyres\/Foreign-Languages-and-Literatures\/21F-701Fall2003\/8D8CD2FE-D496-42DD-AE9D-6275137C8FD4\/0\/22serestar.pdf\" target=\"_blank\">Actividad para diferenciar usos de SER y ESTAR<\/a><\/span><\/address>\n<address><span style=\"color:#0000ff;\">Completar con SER y ESTAR: <a title=\"Ser y Estar\" href=\"http:\/\/ocw.mit.edu\/NR\/rdonlyres\/Foreign-Languages-and-Literatures\/21F-701Fall2003\/70243A2A-8682-47AC-8BAE-1303C6A0E58E\/0\/2verboser.pdf\" target=\"_blank\">Actividad 1<\/a>, <a title=\"Ser y Estar\" href=\"http:\/\/ocw.mit.edu\/NR\/rdonlyres\/Foreign-Languages-and-Literatures\/21F-701Fall2003\/901C67C3-9CB2-43CE-AF9E-6B4C91B976C4\/0\/2verboestar.pdf\" target=\"_blank\">Actividad 2<\/a><\/span><\/address>\n<blockquote>\n<blockquote>\n<address><\/address>\n<\/blockquote>\n<\/blockquote>\n<\/blockquote>\n<address><\/address>\n<p><span style=\"text-decoration:underline;\"><strong><span style=\"color:#0000ff;\">PRET\u00c9RITO IMPERFECTO <\/span><\/strong><\/span><\/p>\n<p><span style=\"color:#0000ff;\"><a title=\"Pret\u00e9rito Imperfecto\" href=\"http:\/\/www.todoele.net\/botiquin_mat\/preterito_imperfecto.pdf\" target=\"_blank\">Esquemas y gr\u00e1ficos del Pret\u00e9rito Imperfecto<\/a> (todoele.net)<\/span><br \/>\n<span style=\"color:#0000ff;\"><a title=\"Pret\u00e9rito Imperfecto\" href=\"http:\/\/www.mec.es\/redele\/revista7\/lozano.pdf\" target=\"_blank\">Unidad Did\u00e1ctica: <em>C\u00f3mo hemos cambiado<\/em> (Jes\u00fas Gustavo Gonzalo Antol\u00edn &#8211; Universidad de Valladolid)<\/a><\/span><\/p>\n<ul>\n<li><span style=\"color:#000000;\"><a title=\"Lorca\" href=\"http:\/\/www.columbia.edu\/cu\/lrc\/spanish\/stor\/pdf\/LorcaLectPretImp.pdf\" target=\"_blank\">Actividad con texto para trabajar imperfecto y perfecto (B1-B2): <em>Federico Garc\u00eda Lorca<\/em><\/a> (Universidad de Columbia)<\/span><\/li>\n<li><span style=\"color:#000000;\"><a title=\"Pret\u00e9rito Imperfecto\" href=\"http:\/\/ocw.mit.edu\/NR\/rdonlyres\/Foreign-Languages-and-Literatures\/21F-701Fall2003\/FAF5CCBA-4F1C-4DFB-97FF-E96892F5037D\/0\/22encuestainfancia.pdf\" target=\"_blank\">Actividad: <em>Encuesta a tu compa\u00f1ero usando el imperfecto<\/em><\/a><\/span><\/li>\n<li><span style=\"color:#000000;\"><a title=\"Pret\u00e9rito Imperfecto\" href=\"http:\/\/ocw.mit.edu\/NR\/rdonlyres\/Foreign-Languages-and-Literatures\/21F-701Fall2003\/C8D844C8-DAE9-457D-AEE8-1CD9977AB026\/0\/17bingopretirregular.pdf\" target=\"_blank\">Actividad: <em>Encuesta a tu compa\u00f1ero usando el imperfecto II<\/em><\/a><\/span><\/li>\n<li><span style=\"color:#000000;\"><a title=\"Pret\u00e9rito Imperfecto\" href=\"http:\/\/ocw.mit.edu\/NR\/rdonlyres\/Foreign-Languages-and-Literatures\/21F-701Fall2003\/4C80F9F6-768B-41A2-9C48-F653D39A9D1F\/0\/14encuepretplural.pdf\" target=\"_blank\">Actividad: <em>Encuesta a tu compa\u00f1ero usando el imperfecto III<\/em><\/a><\/span><\/li>\n<li><span style=\"color:#000000;\"><a title=\"Pret\u00e9rito Imperfecto\" href=\"http:\/\/ocw.mit.edu\/NR\/rdonlyres\/Foreign-Languages-and-Literatures\/21F-701Fall2003\/92F9D69A-D207-4594-9C71-EE15247FCA20\/0\/24pretimpsabpodquer.pdf\" target=\"_blank\">Actividad con texto para el uso de imperfecto: <em>El abuelo de M\u00e9xico<\/em><\/a><\/span><\/li>\n<li><span style=\"color:#000000;\"><a title=\"Pret\u00e9rito Imperfecto\" href=\"http:\/\/ocw.mit.edu\/NR\/rdonlyres\/Foreign-Languages-and-Literatures\/21F-701Fall2003\/273B0DBF-C4C6-4EE7-BB98-29563DFE8918\/0\/23pretimperfect.pdf\" target=\"_blank\">Actividad para traducir verbos en presente al imperfecto<\/a><\/span><\/li>\n<li><a href=\"http:\/\/babelnet.sbg.ac.at\/carlitos\/escenario1\/Actividades\/Actividad4\/climperfecto.htm\" target=\"_blank\"><span style=\"color:#0000ff;\">La ni\u00f1ez de Carlitos.<\/span><\/a><\/li>\n<li><span style=\"color:#0000ff;\">Ejercicios a trav\u00e9s de la p\u00e1gina de la Willamette University, a cargo de Bert\u00edn Ortega y Ester Quintana (ejercicios on line): <a href=\"http:\/\/www.willamette.edu\/~bortega\/Ejercicios\/Chapter09\/ch09.05_presente_imperf.htm\" target=\"_blank\">1<\/a>,<a href=\"http:\/\/www.willamette.edu\/~bortega\/Ejercicios\/Chapter09\/ch09.06_imperfecto.htm\" target=\"_blank\">2<\/a>,<a href=\"http:\/\/www.willamette.edu\/~bortega\/Ejercicios\/Chapter09\/ch09.07_imperfecto.htm\" target=\"_blank\">3<\/a>,<a href=\"http:\/\/www.willamette.edu\/~bortega\/Ejercicios\/Chapter09\/ch09.09_imperfecto.htm\" target=\"_blank\">4<\/a>,<a href=\"http:\/\/www.willamette.edu\/~bortega\/Ejercicios\/Chapter09\/ch09.10_imperfecto.htm\" target=\"_blank\">5<\/a> <\/span><\/li>\n<\/ul>\n<p><a title=\"El valor del imperfecto en espa\u00f1ol\" href=\"http:\/\/www.espanolsinfronteras.com\/Textos%20y%20libros\/El%20valor%20del%20imperfecto%20de%20indicativo.pdf\" target=\"_blank\">Art\u00edculo de apoyo: <em>El valor del imperfecto de indicativo en espa\u00f1ol <\/em>(Josep M. Brucart &#8211; UAB)<\/a><\/p>\n<p><span style=\"text-decoration:underline;\"><span style=\"color:#0000ff;\"><strong>PRET\u00c9RITO PERFECTO SIMPLE<\/strong><\/span><\/span><\/p>\n<ul>\n<li><a title=\"Pret\u00e9rito perfecto simple\" href=\"http:\/\/www.lazarillo.info\/pdf\/1007\/preteritoperfectosimple_evajaurrieta.pdf\" target=\"_blank\">Esquema verbal con listado de verbos irregulares<\/a> (Eva Jaurrieta)<\/li>\n<\/ul>\n<p><strong><span style=\"color:#0000ff;\"><span style=\"text-decoration:underline;\">PRET\u00c9RITO INDEFINIDO<\/span> <\/span><\/strong><\/p>\n<ul>\n<li><a title=\"Pret\u00e9rito indefinido\" href=\"http:\/\/www.encuentro-practico.com\/pdf\/coro.pdf\" target=\"_blank\">Daniel Coro: \u00abRegreso al futuro: una pr\u00e1ctica imaginativa del pret\u00e9rito indefinido\u00bb<\/a><\/li>\n<\/ul>\n","protected":false},"excerpt":{"rendered":"<p>\u00a0 Conjugador de verbos: Verblog Conjugador de verbos: lenguaje.com Teor\u00eda de Verbos con definiciones, esquemas y ejercicios de Vicente Llop \u00a0 SER y ESTAR Uno de los principales puntos de atenci\u00f3n en la clase de ELE es el del uso de dos verbos muy imporantes en espa\u00f1ol, como SER y ESTAR. A continuaci\u00f3n os muestro<\/p>\n","protected":false},"author":1,"featured_media":0,"parent":1455,"menu_order":0,"comment_status":"open","ping_status":"open","template":"","meta":{"_monsterinsights_skip_tracking":false,"_monsterinsights_sitenote_active":false,"_monsterinsights_sitenote_note":"","_monsterinsights_sitenote_category":0},"aioseo_notices":[],"_links":{"self":[{"href":"http:\/\/www.apuntesdelengua.com\/blog\/wp-json\/wp\/v2\/pages\/15"}],"collection":[{"href":"http:\/\/www.apuntesdelengua.com\/blog\/wp-json\/wp\/v2\/pages"}],"about":[{"href":"http:\/\/www.apuntesdelengua.com\/blog\/wp-json\/wp\/v2\/types\/page"}],"author":[{"embeddable":true,"href":"http:\/\/www.apuntesdelengua.com\/blog\/wp-json\/wp\/v2\/users\/1"}],"replies":[{"embeddable":true,"href":"http:\/\/www.apuntesdelengua.com\/blog\/wp-json\/wp\/v2\/comments?post=15"}],"version-history":[{"count":2,"href":"http:\/\/www.apuntesdelengua.com\/blog\/wp-json\/wp\/v2\/pages\/15\/revisions"}],"predecessor-version":[{"id":1481,"href":"http:\/\/www.apuntesdelengua.com\/blog\/wp-json\/wp\/v2\/pages\/15\/revisions\/1481"}],"up":[{"embeddable":true,"href":"http:\/\/www.apuntesdelengua.com\/blog\/wp-json\/wp\/v2\/pages\/1455"}],"wp:attachment":[{"href":"http:\/\/www.apuntesdelengua.com\/blog\/wp-json\/wp\/v2\/media?parent=15"}],"curies":[{"name":"wp","href":"https:\/\/api.w.org\/{rel}","templated":true}]}}