{"id":2046,"date":"2010-04-24T00:05:20","date_gmt":"2010-04-23T23:05:20","guid":{"rendered":"http:\/\/www.apuntesdelengua.com\/blog\/?page_id=2046"},"modified":"2020-04-10T23:46:18","modified_gmt":"2020-04-10T22:46:18","slug":"podcasts-de-poemas-hernandianos","status":"publish","type":"page","link":"http:\/\/www.apuntesdelengua.com\/blog\/taller-poetico\/especial-centenario-miguel-hernandez\/podcasts-de-poemas-hernandianos\/","title":{"rendered":"Podcasts hernandianos."},"content":{"rendered":"<p style=\"text-align: justify; padding-left: 60px;\"><span style=\"font-family: 'Century Gothic';\"><span style=\"font-size: medium;\"><strong><strong><a href=\"http:\/\/www.apuntesdelengua.com\/blog\/archives\/2042\" target=\"_blank\" rel=\"noopener\"><img loading=\"lazy\" class=\"alignleft\" src=\"http:\/\/www.apuntesdelengua.com\/master\/iconos\/audio.jpg\" alt=\"\" width=\"113\" height=\"113\" align=\"absmiddle\" \/><\/a><\/strong><\/strong><\/span><\/span><\/p>\n<p>&nbsp;<\/p>\n<p style=\"text-align: justify; padding-left: 150px;\"><span style=\"font-family: 'Century Gothic';\"><span style=\"font-size: medium;\">De aqu\u00ed al final de curso, y hasta el mes de octubre, cuando se cumpla el centenario del nacimiento del poeta, nuestr@s alumnos van a ir poni\u00e9ndole voz a los poemas que m\u00e1s les han llamado la atenci\u00f3n o a aquellos que suponen un punto de atenci\u00f3n en el universo po\u00e9tico hernandiano. Con tal de llevar a cabo esta actividad, en la que est\u00e1n implicados tod@s los alumn@s de Primer Ciclo de ESO, la poes\u00eda hernandiana inundar\u00e1 sus vidas -esperemos- a partir de ahora y se acomodar\u00e1 en ell@s, puesto que a much@s le ha calado hondo&#8230; <\/span><\/span><\/p>\n<p style=\"text-align: left; padding-left: 150px;\"><span style=\"font-family: 'Century Gothic';\"><span style=\"font-size: medium;\"><strong><strong><strong><img loading=\"lazy\" class=\"alignabsmiddle\" src=\"http:\/\/www.apuntesdelengua.com\/master\/iconos\/play.jpg\" alt=\"\" width=\"55\" height=\"53\" align=\"absmiddle\" \/><\/strong><a href=\"http:\/\/www.apuntesdelengua.com\/blog\/?p=2042\" target=\"_blank\" rel=\"noopener\"><strong>El ni\u00f1o yuntero,<\/strong><\/a> <\/strong><\/strong>Pablo Esp\u00e1riz (2\u00ba ESO C)<\/span><\/span>[podcast]http:\/\/www.apuntesdelengua.com\/archivos\/PODCAST\/miguelhernandez\/ninoyuntero.mp3[\/podcast]<\/p>\n<p style=\"text-align: left; padding-left: 150px;\"><strong><strong><strong><img loading=\"lazy\" src=\"http:\/\/www.apuntesdelengua.com\/master\/iconos\/play.jpg\" alt=\"\" width=\"55\" height=\"53\" align=\"absmiddle\" \/><\/strong><\/strong><\/strong><span style=\"font-family: 'Century Gothic';\"><span style=\"font-size: medium;\"><strong><a href=\"http:\/\/www.apuntesdelengua.com\/blog\/?p=2049\"><strong>Eleg\u00eda a Ram\u00f3n Sij\u00e9<\/strong><\/a> <\/strong><\/span><\/span><span style=\"font-family: 'Century Gothic';\"><span style=\"font-size: medium;\"><strong>, <\/strong>Pablo Chicano (2\u00ba ESO C)<\/span><\/span>[podcast]http:\/\/www.apuntesdelengua.com\/archivos\/PODCAST\/miguelhernandez\/elegia.mp3[\/podcast]<\/p>\n<p style=\"text-align: left; padding-left: 150px;\"><strong><strong><strong><strong><img loading=\"lazy\" src=\"http:\/\/www.apuntesdelengua.com\/master\/iconos\/play.jpg\" alt=\"\" width=\"55\" height=\"53\" align=\"absmiddle\" \/><\/strong><\/strong><\/strong><\/strong><span style=\"font-family: 'Century Gothic';\"><span style=\"font-size: medium;\"><strong><strong><strong><strong><a href=\"http:\/\/www.apuntesdelengua.com\/blog\/?p=2177\" target=\"_blank\" rel=\"noopener\"><strong>Soneto Final<\/strong><\/a> <span style=\"font-family: 'Century Gothic';\"><span style=\"font-size: medium;\">, <\/span><\/span><\/strong><\/strong><\/strong><\/strong><span style=\"font-family: 'Century Gothic';\"><span style=\"font-size: medium;\">Gabriela Gal\u00e1n (1\u00ba ESO D)<\/span><\/span><\/span><\/span>[podcast]http:\/\/www.apuntesdelengua.com\/archivos\/PODCAST\/miguelhernandez\/gabrielagalan.mp3[\/podcast]<\/p>\n<p style=\"text-align: justify; padding-left: 150px;\"><strong><strong><strong><strong><img loading=\"lazy\" src=\"http:\/\/www.apuntesdelengua.com\/master\/iconos\/play.jpg\" alt=\"\" width=\"55\" height=\"53\" align=\"absmiddle\" \/><\/strong><\/strong><\/strong><\/strong><span style=\"font-family: 'Century Gothic';\"><span style=\"font-size: medium;\"><strong><strong><strong><strong><strong><a href=\"http:\/\/www.apuntesdelengua.com\/blog\/?p=2093\" target=\"_blank\" rel=\"noopener\">19 de diciembre de 1937<\/a><\/strong><span style=\"font-family: 'Century Gothic';\"><span style=\"font-size: medium;\">, <\/span><\/span><\/strong><\/strong><\/strong><\/strong><span style=\"font-family: 'Century Gothic';\"><span style=\"font-size: medium;\">Eva Garc\u00eda de Madariaga (2\u00ba ESO A)<\/span><\/span><\/span><\/span>[podcast]http:\/\/www.apuntesdelengua.com\/archivos\/PODCAST\/miguelhernandez\/19dediciembrede1937.mp3[\/podcast]<\/p>\n<p style=\"text-align: left; padding-left: 150px;\"><strong><strong><strong><strong><img loading=\"lazy\" src=\"http:\/\/www.apuntesdelengua.com\/master\/iconos\/play.jpg\" alt=\"\" width=\"55\" height=\"53\" align=\"absmiddle\" \/><\/strong><\/strong><\/strong><\/strong><span style=\"font-family: 'Century Gothic';\"><span style=\"font-size: medium;\"><strong><strong><strong><strong><strong><a href=\"http:\/\/www.apuntesdelengua.com\/blog\/?p=2107\" target=\"_blank\" rel=\"noopener\"><strong>El pez m\u00e1s viejo del r\u00edo<\/strong><\/a> <span style=\"font-family: 'Century Gothic';\"><span style=\"font-size: medium;\">, <\/span><\/span><\/strong><\/strong><\/strong><\/strong><\/strong><span style=\"font-family: 'Century Gothic';\"><span style=\"font-size: medium;\">Eduardo Fern\u00e1ndez (1\u00ba ESO B)<\/span><\/span><\/span><\/span>[podcast]http:\/\/www.apuntesdelengua.com\/archivos\/PODCAST\/miguelhernandez\/elpezmasviejodelrio.mp3[\/podcast]<\/p>\n<p style=\"text-align: left; padding-left: 150px;\"><strong><strong><strong><strong><img loading=\"lazy\" src=\"http:\/\/www.apuntesdelengua.com\/master\/iconos\/play.jpg\" alt=\"\" width=\"55\" height=\"53\" align=\"absmiddle\" \/><\/strong><\/strong><\/strong><\/strong><span style=\"font-family: 'Century Gothic';\"><span style=\"font-size: medium;\"><strong><strong><strong><strong><strong><strong><a href=\"http:\/\/www.apuntesdelengua.com\/blog\/?p=2056\" target=\"_blank\" rel=\"noopener\"><strong>Tristes guerras<\/strong><\/a> <span style=\"font-family: 'Century Gothic';\"><span style=\"font-size: medium;\">, <\/span><\/span><\/strong><\/strong><\/strong><\/strong><\/strong><\/strong><span style=\"font-family: 'Century Gothic';\"><span style=\"font-size: medium;\">Alejandro Par\u00eds (1\u00ba ESO B)<\/span><\/span><\/span><\/span>[podcast]http:\/\/www.apuntesdelengua.com\/archivos\/PODCAST\/miguelhernandez\/tristesguerras.mp3[\/podcast]<\/p>\n<p style=\"text-align: left; padding-left: 150px;\"><strong><strong><strong><strong><img loading=\"lazy\" src=\"http:\/\/www.apuntesdelengua.com\/master\/iconos\/play.jpg\" alt=\"\" width=\"55\" height=\"53\" align=\"absmiddle\" \/><\/strong><\/strong><\/strong><\/strong><span style=\"font-family: 'Century Gothic';\"><span style=\"font-size: medium;\"><strong><strong><strong><strong><strong><strong><strong><a href=\"http:\/\/www.apuntesdelengua.com\/blog\/?p=2417\" target=\"_blank\" rel=\"noopener\"><strong>Te me mueres de casta y de sencilla<\/strong><\/a><strong>, <\/strong><\/strong><\/strong><\/strong><\/strong><\/strong><\/strong><\/strong>Adri\u00e1n Mart\u00ednez, (1\u00ba ESO C)<\/span><\/span>[podcast]http:\/\/www.apuntesdelengua.com\/archivos\/PODCAST\/miguelhernandez\/temueresdecasta.mp3[\/podcast]<\/p>\n<p style=\"text-align: left; padding-left: 150px;\"><strong><strong><strong><strong><img loading=\"lazy\" src=\"http:\/\/www.apuntesdelengua.com\/master\/iconos\/play.jpg\" alt=\"\" width=\"55\" height=\"53\" align=\"absmiddle\" \/><\/strong><\/strong><\/strong><\/strong><span style=\"font-family: 'Century Gothic';\"><span style=\"font-size: medium;\"><strong><strong><strong><strong><strong><strong><strong><strong><a href=\"http:\/\/www.apuntesdelengua.com\/blog\/?p=2420\" target=\"_blank\" rel=\"noopener\"><strong>Mis ojos, sin tus ojos, no son ojos.<\/strong><\/a> <\/strong><\/strong><\/strong><\/strong><\/strong><\/strong><\/strong><\/strong>Rosario Quevedo, (1\u00ba ESO B) <\/span><\/span>[podcast]http:\/\/www.apuntesdelengua.com\/archivos\/PODCAST\/miguelhernandez\/rosario.mp3[\/podcast]<\/p>\n<p style=\"padding-left: 150px;\"><span style=\"font-family: 'Century Gothic';\"><span style=\"font-size: medium;\"><strong><strong><strong><strong><img loading=\"lazy\" src=\"http:\/\/www.apuntesdelengua.com\/master\/iconos\/play.jpg\" alt=\"\" width=\"55\" height=\"53\" align=\"absmiddle\" \/><\/strong><\/strong><\/strong><\/strong><strong><strong><strong><strong><strong><strong><strong><strong><a href=\"http:\/\/www.apuntesdelengua.com\/blog\/?p=2478\" target=\"_blank\" rel=\"noopener\">Tus cartas son un vino<\/a>, <\/strong><\/strong><\/strong><\/strong><\/strong><\/strong><\/strong><\/strong>(14 alumnas de 1\u00ba ESO C) <\/span><\/span>[podcast]http:\/\/www.apuntesdelengua.com\/archivos\/PODCAST\/miguelhernandez\/tuscartassonunvino.mp3[\/podcast]<\/p>\n<p style=\"text-align: left; padding-left: 150px;\"><strong><strong><strong><strong><img loading=\"lazy\" src=\"http:\/\/www.apuntesdelengua.com\/master\/iconos\/play.jpg\" alt=\"\" width=\"55\" height=\"53\" align=\"absmiddle\" \/><\/strong><\/strong><\/strong><\/strong><span style=\"font-family: 'Century Gothic';\"><span style=\"font-size: medium;\"><strong><strong><strong><strong><strong><strong><strong><strong><strong><a href=\"http:\/\/www.apuntesdelengua.com\/blog\/?p=2485\" target=\"_blank\" rel=\"noopener\"><strong>Canci\u00f3n \u00faltima<\/strong><\/a><strong>, <\/strong><\/strong><\/strong><\/strong><\/strong><\/strong><\/strong><\/strong><\/strong><\/strong>Elena Carrillo (2\u00ba ESO A) <\/span><\/span>[podcast]http:\/\/www.apuntesdelengua.com\/archivos\/PODCAST\/miguelhernandez\/cancionultima.mp3[\/podcast]<\/p>\n<p style=\"text-align: left; padding-left: 150px;\"><strong><strong><strong><strong><img loading=\"lazy\" src=\"http:\/\/www.apuntesdelengua.com\/master\/iconos\/play.jpg\" alt=\"\" width=\"55\" height=\"53\" align=\"absmiddle\" \/><\/strong><\/strong><\/strong><\/strong><span style=\"font-family: 'Century Gothic';\"><span style=\"font-size: medium;\"><strong><strong><strong><strong><strong><strong><strong><strong><strong><strong><strong><a href=\"http:\/\/www.apuntesdelengua.com\/blog\/?p=2493\" target=\"_blank\" rel=\"noopener\">Si nosotros vivi\u00e9ramos<\/a>, <\/strong><\/strong><\/strong><\/strong><\/strong><\/strong><\/strong><\/strong><\/strong><\/strong><\/strong>Beatriz D\u00edaz (2\u00ba ESO B) <\/span><\/span> [podcast]http:\/\/www.apuntesdelengua.com\/archivos\/podcast\/miguelhernandez\/sinosotrosvivieramos.mp3[\/podcast]<\/p>\n<p style=\"text-align: left; padding-left: 150px;\"><strong><strong><strong><strong><img loading=\"lazy\" src=\"http:\/\/www.apuntesdelengua.com\/master\/iconos\/play.jpg\" alt=\"\" width=\"55\" height=\"53\" align=\"absmiddle\" \/><\/strong><\/strong><\/strong><\/strong><span style=\"font-family: 'Century Gothic';\"><span style=\"font-size: medium;\"><strong><strong><strong><strong><strong><strong><strong><strong><strong><strong><strong><strong><a href=\"http:\/\/www.apuntesdelengua.com\/blog\/?p=2497\" target=\"_blank\" rel=\"noopener\">Por una senda van los hortelanos<\/a>, <\/strong><\/strong><\/strong><\/strong><\/strong><\/strong><\/strong><\/strong><\/strong><\/strong><\/strong><\/strong>F\u00e1tima Escalona (1\u00ba ESO B) <\/span><\/span>[podcast]http:\/\/www.apuntesdelengua.com\/archivos\/podcast\/miguelhernandez\/porunasendavanloshortelanos.mp3[\/podcast]<\/p>\n<p style=\"padding-left: 150px;\"><span style=\"font-family: 'Century Gothic';\"><span style=\"font-size: medium;\"><strong><strong><strong><strong><img loading=\"lazy\" src=\"http:\/\/www.apuntesdelengua.com\/master\/iconos\/play.jpg\" alt=\"\" width=\"55\" height=\"53\" align=\"absmiddle\" \/><\/strong><\/strong><\/strong><\/strong><strong><strong><strong><strong><strong><strong><strong><strong><strong><strong><strong><strong><a href=\"http:\/\/www.apuntesdelengua.com\/blog\/?p=2500\" target=\"_blank\" rel=\"noopener\">Yo no quiero m\u00e1s luz que tu cuerpo ante el m\u00edo<\/a>, <\/strong><\/strong><\/strong><\/strong><\/strong><\/strong><\/strong><\/strong><\/strong><\/strong><\/strong><\/strong>Gema (1\u00ba ESO A) <\/span><\/span>[podcast]http:\/\/www.apuntesdelengua.com\/archivos\/podcast\/miguelhernandez\/yonoquieromasluz.mp3[\/podcast]<\/p>\n<p style=\"text-align: left; padding-left: 150px;\"><strong><strong><strong><strong><img loading=\"lazy\" src=\"http:\/\/www.apuntesdelengua.com\/master\/iconos\/play.jpg\" alt=\"\" width=\"55\" height=\"53\" align=\"absmiddle\" \/><\/strong><\/strong><\/strong><\/strong><span style=\"font-family: 'Century Gothic';\"><span style=\"font-size: medium;\"><strong><strong><strong><strong><strong><strong><strong><strong><strong><strong><strong><strong><strong><a href=\"http:\/\/www.apuntesdelengua.com\/blog\/?p=2503\" target=\"_blank\" rel=\"noopener\">Una querencia tengo por tu acento<\/a>, <\/strong><\/strong><\/strong><\/strong><\/strong><\/strong><\/strong><\/strong><\/strong><\/strong><\/strong><\/strong><\/strong>Eloy Ram\u00edrez (1\u00ba ESO C) <\/span><\/span>[podcast]http:\/\/www.apuntesdelengua.com\/archivos\/podcast\/miguelhernandez\/yonoquieromasluz.mp3[\/podcast]<\/p>\n<p style=\"text-align: justify; padding-left: 150px;\"><strong><strong><strong><strong><img loading=\"lazy\" src=\"..\/..\/master\/iconos\/play.jpg\" alt=\"\" width=\"55\" height=\"53\" align=\"absmiddle\" \/><\/strong><\/strong><\/strong><\/strong><span style=\"font-family: 'Century Gothic';\"><span style=\"font-size: medium;\"><strong><strong><strong><strong><a href=\"http:\/\/www.apuntesdelengua.com\/blog\/?p=2566\" target=\"_blank\" rel=\"noopener\">El amor ascend\u00eda entre nosotros<\/a>, <\/strong><\/strong><\/strong><\/strong>Alberto de la Monta\u00f1a (2\u00ba ESO B) <\/span><\/span>[podcast]http:\/\/www.apuntesdelengua.com\/archivos\/podcast\/miguelhernandez\/elamorascendia.mp3[\/podcast]<\/p>\n<p style=\"text-align: justify; padding-left: 150px;\"><strong><strong><strong><strong><img loading=\"lazy\" src=\"..\/..\/master\/iconos\/play.jpg\" alt=\"\" width=\"55\" height=\"53\" align=\"absmiddle\" \/><\/strong><\/strong><\/strong><\/strong><span style=\"font-family: 'Century Gothic';\"><span style=\"font-size: medium;\"><strong><strong><strong><strong><a href=\"http:\/\/www.apuntesdelengua.com\/blog\/?p=2580\" target=\"_blank\" rel=\"noopener\">Rumorosas pesta\u00f1as<\/a>, <\/strong><\/strong><\/strong><\/strong>Jorge Camacho (2\u00ba ESO B) <\/span><\/span>[podcast]http:\/\/www.apuntesdelengua.com\/archivos\/podcast\/miguelhernandez\/rumorosaspestanas.mp3[\/podcast]<\/p>\n<p style=\"text-align: justify; padding-left: 150px;\"><strong><strong><strong><strong><img loading=\"lazy\" src=\"..\/..\/master\/iconos\/play.jpg\" alt=\"\" width=\"55\" height=\"53\" align=\"absmiddle\" \/><\/strong><\/strong><\/strong><\/strong><span style=\"font-family: 'Century Gothic';\"><span style=\"font-size: medium;\"><strong><strong><strong><strong><a href=\"http:\/\/www.apuntesdelengua.com\/blog\/?p=2585\" target=\"_blank\" rel=\"noopener\">Aceituneros<\/a>, <\/strong><\/strong><\/strong><\/strong>Laura Oviedo y Eva Garc\u00eda de Madariaga (2\u00ba ESO A) <\/span><\/span>[podcast]http:\/\/www.apuntesdelengua.com\/archivos\/podcast\/miguelhernandez\/aceituneross.mp3[\/podcast]<\/p>\n<p style=\"text-align: justify; padding-left: 150px;\"><strong><strong><strong><strong><img loading=\"lazy\" src=\"..\/..\/master\/iconos\/play.jpg\" alt=\"\" width=\"55\" height=\"53\" align=\"absmiddle\" \/><a href=\"http:\/\/www.apuntesdelengua.com\/blog\/?p=2589\" target=\"_blank\" rel=\"noopener\">Despu\u00e9s del amor<\/a>,<\/strong><\/strong><\/strong><\/strong><span style=\"font-family: 'Century Gothic';\"><span style=\"font-size: medium;\"> Irene Alejo (2\u00ba ESO A) <\/span><\/span><strong>[podcast]http:\/\/www.apuntesdelengua.com\/archivos\/podcast\/miguelhernandez\/despuesdelamor.mp3[\/podcast]<\/strong><\/p>\n<p style=\"text-align: justify; padding-left: 150px;\"><strong><strong><strong><strong><img loading=\"lazy\" src=\"..\/..\/master\/iconos\/play.jpg\" alt=\"\" width=\"55\" height=\"53\" align=\"absmiddle\" \/><\/strong><\/strong><\/strong><\/strong><span style=\"font-family: 'Century Gothic';\"><span style=\"font-size: medium;\"><strong><a href=\"http:\/\/www.apuntesdelengua.com\/blog\/?p=2596\" target=\"_blank\" rel=\"noopener\">Antes del odio<\/a><\/strong>, Marta Morales (2\u00ba ESO A) <\/span><\/span>[podcast]http:\/\/www.apuntesdelengua.com\/archivos\/podcast\/miguelhernandez\/antesdelodio.mp3[\/podcast]<\/p>\n<p style=\"text-align: justify; padding-left: 150px;\"><strong><strong><strong><strong><img loading=\"lazy\" src=\"..\/..\/master\/iconos\/play.jpg\" alt=\"\" width=\"55\" height=\"53\" align=\"absmiddle\" \/><\/strong><\/strong><\/strong><\/strong><span style=\"font-family: 'Century Gothic';\"><span style=\"font-size: medium;\"><strong><a href=\"http:\/\/www.apuntesdelengua.com\/blog\/?p=2600\" target=\"_blank\" rel=\"noopener\">El cementerio est\u00e1 cerca<\/a><\/strong>, Jorge Mor\u00e1n (2\u00ba ESO B) <\/span><\/span><strong>[podcast]http:\/\/www.apuntesdelengua.com\/archivos\/podcast\/miguelhernandez\/elcementerio.mp3[\/podcast]<\/strong><\/p>\n<p style=\"text-align: justify; padding-left: 150px;\"><strong><strong><strong><strong><img loading=\"lazy\" src=\"..\/..\/master\/iconos\/play.jpg\" alt=\"\" width=\"55\" height=\"53\" align=\"absmiddle\" \/><\/strong><\/strong><\/strong><\/strong><span style=\"font-family: 'Century Gothic';\"><span style=\"font-size: medium;\"><strong><a href=\"http:\/\/www.apuntesdelengua.com\/blog\/?p=2722\" target=\"_blank\" rel=\"noopener\">Silencio de metal triste y oscuro<\/a><\/strong>, V\u00edctor Marchal (2\u00ba ESO A) <\/span><\/span><strong>[podcast]http:\/\/www.apuntesdelengua.com\/archivos\/podcast\/miguelhernandez\/victormarchal.mp3[\/podcast]<\/strong><\/p>\n<p style=\"text-align: justify; padding-left: 150px;\"><strong><strong><strong><strong><img loading=\"lazy\" src=\"..\/..\/master\/iconos\/play.jpg\" alt=\"\" width=\"55\" height=\"53\" align=\"absmiddle\" \/><\/strong><\/strong><\/strong><\/strong><span style=\"font-family: 'Century Gothic';\"><span style=\"font-size: medium;\"><strong><a href=\"http:\/\/www.apuntesdelengua.com\/blog\/?p=2726\" target=\"_blank\" rel=\"noopener\">Sepultura de la imaginaci\u00f3n<\/a><\/strong>, Iv\u00e1n Vivares (2\u00ba ESO A) <\/span><\/span><strong>[podcast]http:\/\/www.apuntesdelengua.com\/archivos\/podcast\/miguelhernandez\/ivanvivares.mp3[\/podcast]<\/strong><\/p>\n<p>&nbsp;<\/p>\n<p style=\"text-align: left; padding-left: 60px;\"><span style=\"font-family: 'Century Gothic';\"><span style=\"font-size: large;\"><img loading=\"lazy\" class=\"alignabsmiddle\" src=\"http:\/\/www.apuntesdelengua.com\/master\/iconos\/boton.jpg\" alt=\"\" width=\"75\" height=\"75\" align=\"absmiddle\" \/>Recuerda que semanalmente se van a\u00f1adiendo poemas a cargo de l@s alumn@s, y que por tanto, puedes proponer un poema para hacer de este corpus po\u00e9tico una realidad conjunta y elaborada por tod@s vosotr@s.<\/span><\/span><\/p>\n","protected":false},"excerpt":{"rendered":"<p>&nbsp; De aqu\u00ed al final de curso, y hasta el mes de octubre, cuando se cumpla el centenario del nacimiento del poeta, nuestr@s alumnos van a ir poni\u00e9ndole voz a los poemas que m\u00e1s les han llamado la atenci\u00f3n o a aquellos que suponen un punto de atenci\u00f3n en el universo po\u00e9tico hernandiano. Con tal<\/p>\n","protected":false},"author":1,"featured_media":0,"parent":2249,"menu_order":5,"comment_status":"open","ping_status":"open","template":"page-template-full.php","meta":{"_monsterinsights_skip_tracking":false,"_monsterinsights_sitenote_active":false,"_monsterinsights_sitenote_note":"","_monsterinsights_sitenote_category":0},"aioseo_notices":[],"_links":{"self":[{"href":"http:\/\/www.apuntesdelengua.com\/blog\/wp-json\/wp\/v2\/pages\/2046"}],"collection":[{"href":"http:\/\/www.apuntesdelengua.com\/blog\/wp-json\/wp\/v2\/pages"}],"about":[{"href":"http:\/\/www.apuntesdelengua.com\/blog\/wp-json\/wp\/v2\/types\/page"}],"author":[{"embeddable":true,"href":"http:\/\/www.apuntesdelengua.com\/blog\/wp-json\/wp\/v2\/users\/1"}],"replies":[{"embeddable":true,"href":"http:\/\/www.apuntesdelengua.com\/blog\/wp-json\/wp\/v2\/comments?post=2046"}],"version-history":[{"count":50,"href":"http:\/\/www.apuntesdelengua.com\/blog\/wp-json\/wp\/v2\/pages\/2046\/revisions"}],"predecessor-version":[{"id":6705,"href":"http:\/\/www.apuntesdelengua.com\/blog\/wp-json\/wp\/v2\/pages\/2046\/revisions\/6705"}],"up":[{"embeddable":true,"href":"http:\/\/www.apuntesdelengua.com\/blog\/wp-json\/wp\/v2\/pages\/2249"}],"wp:attachment":[{"href":"http:\/\/www.apuntesdelengua.com\/blog\/wp-json\/wp\/v2\/media?parent=2046"}],"curies":[{"name":"wp","href":"https:\/\/api.w.org\/{rel}","templated":true}]}}