{"id":2215,"date":"2010-03-14T19:57:23","date_gmt":"2010-03-14T18:57:23","guid":{"rendered":"http:\/\/www.apuntesdelengua.com\/blog\/?page_id=2215"},"modified":"2013-12-05T18:36:36","modified_gmt":"2013-12-05T17:36:36","slug":"complemento-directo-cd","status":"publish","type":"page","link":"http:\/\/www.apuntesdelengua.com\/blog\/cursos\/2%c2%ba-eso\/sintaxis\/complemento-directo-cd\/","title":{"rendered":"Complemento Directo &#8211; CD"},"content":{"rendered":"<p style=\"text-align: justify;\"><strong><em><span style=\"text-decoration: underline;\"><em><img loading=\"lazy\" alt=\"\" src=\"http:\/\/www.fotosearch.com\/bthumb\/CSP\/CSP067\/k0670541.jpg\" width=\"45\" height=\"45\" align=\"absmiddle\" \/><\/em><\/span><\/em><\/strong><strong><span style=\"color: #008000;\"><span style=\"font-family: 'Century Gothic';\"><span style=\"font-size: x-large;\">Definici\u00f3n:<\/span><\/span><\/span><\/strong><\/p>\n<p style=\"text-align: justify;\"><span style=\"font-family: 'Century Gothic';\"><span style=\"font-size: medium;\">Es un <span style=\"color: #008000;\"><strong>SN<\/strong><\/span> complemento verbal que se da en oraciones transitivas. Esta topolog\u00eda verbal necesita de estos verbos para tener significado completo.<\/span><\/span><\/p>\n<p style=\"text-align: justify; padding-left: 90px;\"><span style=\"font-family: 'Century Gothic';\"><span style=\"font-size: medium;\">Esta ma\u00f1ana me he tomado <span style=\"text-decoration: underline;\"><span style=\"color: #008000;\"><strong>un vaso de leche<\/strong><\/span><\/span><\/span><\/span><\/p>\n<p style=\"text-align: justify;\"><span style=\"font-family: 'Century Gothic';\"><span style=\"font-size: medium;\">Podemos encontrar un <span style=\"color: #008000;\"><strong>CD<\/strong><\/span> cuando se refiere a un ser animado <span style=\"color: #008000;\"><strong>precedido de preposici\u00f3n a<\/strong><\/span>:<\/span><\/span><\/p>\n<p style=\"text-align: justify; padding-left: 90px;\"><span style=\"font-family: 'Century Gothic';\"><span style=\"font-size: medium;\">La perrera rescat\u00f3 <span style=\"text-decoration: underline;\"><span style=\"color: #008000;\"><strong>a los gatos abandonados<\/strong><\/span><\/span><\/span><\/span><\/p>\n<p style=\"text-align: justify; padding-left: 90px;\">\n<p style=\"text-align: justify;\"><strong><em><span style=\"text-decoration: underline;\"><em><img loading=\"lazy\" alt=\"\" src=\"http:\/\/www.fotosearch.com\/bthumb\/CSP\/CSP067\/k0670541.jpg\" width=\"45\" height=\"45\" align=\"absmiddle\" \/><\/em><\/span><\/em><\/strong><strong><span style=\"color: #008000;\"><span style=\"font-family: 'Century Gothic';\"><span style=\"font-size: x-large;\">\u00bfC\u00f3mo se identifica?<\/span><\/span><\/span><\/strong><\/p>\n<p style=\"text-align: justify;\">\n<p style=\"text-align: justify;\"><span style=\"font-family: 'Century Gothic';\"><span style=\"font-size: medium;\">Existen diferentes procedimientos, pero b\u00e1sicamente haremos referencia a DOS durante este curso:<\/span><\/span><\/p>\n<p style=\"text-align: justify; padding-left: 60px;\"><span style=\"font-family: 'Century Gothic';\"><span style=\"font-size: medium;\"><strong>a) <\/strong>Sustituyendo el CD por un pronombre \u00e1tono de tercera persona: <span style=\"color: #008000;\"><strong>lo, la, los, las.<\/strong><\/span><\/span><\/span><\/p>\n<p style=\"text-align: justify; padding-left: 150px;\"><span style=\"font-family: 'Century Gothic';\"><span style=\"font-size: medium;\">Esta ma\u00f1ana me he tomado <strong><span style=\"text-decoration: underline;\"><span style=\"color: #008000;\">un vaso de leche<\/span><\/span> = <\/strong>Esta ma\u00f1ana me <span style=\"text-decoration: underline;\"><span style=\"color: #008000;\"><strong>lo<\/strong><\/span><\/span> he tomado<strong> <\/strong><\/span><\/span><\/p>\n<p style=\"text-align: justify; padding-left: 60px;\"><span style=\"font-family: 'Century Gothic';\"><span style=\"font-size: medium;\"><strong>b)<\/strong> Cambiando la oraci\u00f3n activa a oraci\u00f3n pasiva. En este caso, el CD en la oraci\u00f3n activa pasa a ser SUJETO PACIENTE en la oraci\u00f3n pasiva.<\/span><\/span><\/p>\n<p style=\"text-align: justify; padding-left: 150px;\"><span style=\"font-family: 'Century Gothic';\"><span style=\"font-size: medium;\">(oraci\u00f3n activa)\u00a0 La perrera rescat\u00f3 <strong><span style=\"text-decoration: underline;\"><span style=\"color: #008000;\">a los gatos abandonados<\/span><\/span><\/strong> (La perrera <strong><span style=\"text-decoration: underline;\"><span style=\"color: #008000;\">los<\/span><\/span><\/strong> rescat\u00f3) \u00a0\u00a0\u00a0\u00a0<strong> <\/strong><\/span><\/span><\/p>\n<p style=\"text-align: justify; padding-left: 150px;\"><span style=\"font-family: 'Century Gothic';\"><span style=\"font-size: medium;\">(oraci\u00f3n pasiva)\u00a0 <span style=\"color: #008000;\"><strong>Los gatos abandonados<\/strong> <\/span> (Sujeto paciente) fueron rescatados por la perrera.<\/span><\/span><\/p>\n<p style=\"text-align: justify;\"><strong><em><span style=\"text-decoration: underline;\"><em><img loading=\"lazy\" alt=\"\" src=\"http:\/\/www.fotosearch.com\/bthumb\/CSP\/CSP067\/k0670541.jpg\" width=\"45\" height=\"45\" align=\"absmiddle\" \/><\/em><\/span><\/em><\/strong><span style=\"color: #008000;\"><strong><span style=\"font-family: 'Century Gothic';\"><span style=\"font-size: x-large;\">Presentaciones interactivas<\/span><\/span><\/strong><\/span><\/p>\n<p style=\"text-align: center;\"><span style=\"font-family: 'Century Gothic';\"><span style=\"font-size: medium;\"><strong><span style=\"color: #800000;\">\u00abUn complemento muy directo\u00bb<\/span><\/strong> <\/span><\/span><\/p>\n<p style=\"text-align: justify;\">\n<p><a href=\"http:\/\/www.edu365.cat\/eso\/muds\/castella\/c_directo\/index.htm\" target=\"_blank\"><img loading=\"lazy\" class=\"size-thumbnail wp-image-2225\" title=\"Captura de pantalla 2010-03-14 a las 23.30.39\" alt=\"\" src=\"http:\/\/www.apuntesdelengua.com\/blog\/wp-content\/uploads\/2010\/03\/Captura-de-pantalla-2010-03-14-a-las-23.30.39-150x150.png\" width=\"252\" height=\"173\" \/><\/a><\/p>\n<p style=\"text-align: center;\"><span style=\"font-family: 'Century Gothic';\"><span style=\"font-size: medium;\">El Complemento Directo (Instituto Cervantes)<\/span><\/span><\/p>\n<p><a href=\"http:\/\/cvc.cervantes.es\/ensenanza\/actividades_ave\/nivelI\/actividad_51.htm\"><img loading=\"lazy\" class=\"size-thumbnail wp-image-2226\" title=\"Captura de pantalla 2010-03-14 a las 23.34.47\" alt=\"\" src=\"http:\/\/www.apuntesdelengua.com\/blog\/wp-content\/uploads\/2010\/03\/Captura-de-pantalla-2010-03-14-a-las-23.34.47-150x150.png\" width=\"139\" height=\"139\" srcset=\"http:\/\/www.apuntesdelengua.com\/blog\/wp-content\/uploads\/2010\/03\/Captura-de-pantalla-2010-03-14-a-las-23.34.47-150x150.png 150w, http:\/\/www.apuntesdelengua.com\/blog\/wp-content\/uploads\/2010\/03\/Captura-de-pantalla-2010-03-14-a-las-23.34.47-64x64.png 64w\" sizes=\"(max-width: 139px) 100vw, 139px\" \/><\/a><\/p>\n<p style=\"text-align: justify;\"><img loading=\"lazy\" class=\"alignabsmiddle\" alt=\"\" src=\"http:\/\/www.fotosearch.com\/bthumb\/UNC\/UNC226\/u12698109.jpg\" width=\"45\" height=\"45\" align=\"absmiddle\" \/> <strong><span style=\"color: #008000;\"><span style=\"font-family: 'Century Gothic';\"><span style=\"font-size: x-large;\">Ejercicios interactivos.<\/span><\/span><\/span><\/strong><\/p>\n<p style=\"text-align: justify; padding-left: 90px;\"><a href=\"http:\/\/angarmegia.iespana.es\/angarmegia\/complementodirecto2.htm\" target=\"_blank\"><strong><img loading=\"lazy\" alt=\"\" src=\"http:\/\/www.fotosearch.com\/bthumb\/CSP\/CSP258\/k2580374.jpg\" width=\"45\" height=\"35\" align=\"absmiddle\" \/><\/strong><strong> <\/strong><strong> <\/strong><strong> <\/strong><span style=\"font-family: 'Century Gothic';\"><span style=\"font-size: medium;\">Completar oraciones con CD (Antonio G\u00aa Mej\u00eda)<\/span><\/span><\/a><\/p>\n<p style=\"text-align: justify; padding-left: 90px;\"><a href=\"http:\/\/angarmegia.iespana.es\/angarmegia\/complementodirecto2.htm\" target=\"_blank\"><strong><img loading=\"lazy\" alt=\"\" src=\"http:\/\/www.fotosearch.com\/bthumb\/CSP\/CSP258\/k2580376.jpg\" width=\"45\" height=\"35\" align=\"absmiddle\" \/><\/strong><\/a><a href=\"http:\/\/angarmegia.iespana.es\/angarmegia\/ComplementoDirecto1.htm\" target=\"_blank\"><span style=\"font-family: 'Century Gothic';\"><span style=\"font-size: medium;\">Utilizar los distintos CD para completar SV-Predicado (Antonio G\u00aa Mej\u00eda)<\/span><\/span><\/a><\/p>\n<p style=\"text-align: justify; padding-left: 90px;\"><a href=\"http:\/\/angarmegia.iespana.es\/angarmegia\/complementodirecto2.htm\" target=\"_blank\"><strong><img loading=\"lazy\" alt=\"\" src=\"http:\/\/www.fotosearch.com\/bthumb\/CSP\/CSP258\/k2580388.jpg\" width=\"45\" height=\"35\" align=\"absmiddle\" \/><\/strong><\/a><span style=\"font-family: 'Century Gothic';\"><span style=\"font-size: medium;\"><a href=\"http:\/\/portaldelengua.99k.org\/len\/len2\/len2t10\/t10a1.htm\" target=\"_blank\">Clasificaci\u00f3n de oraciones: \u00bftransitivas o intransitivas? (portaldelengua)<\/a><\/span><\/span><\/p>\n<p style=\"text-align: justify; padding-left: 90px;\"><a href=\"http:\/\/angarmegia.iespana.es\/angarmegia\/complementodirecto2.htm\" target=\"_blank\"><strong><img loading=\"lazy\" alt=\"\" src=\"http:\/\/www.fotosearch.com\/bthumb\/CSP\/CSP258\/k2580389.jpg\" width=\"45\" height=\"35\" align=\"absmiddle\" \/><\/strong><\/a><span style=\"font-family: 'Century Gothic';\"><span style=\"font-size: medium;\"><a href=\"http:\/\/portaldelengua.99k.org\/len\/len2\/len2t10\/t10a2.htm\" target=\"_blank\">Clasificaci\u00f3n de oraciones: consideraciones generales (portaldelengua)<\/a> <\/span><\/span><\/p>\n<p style=\"text-align: justify;\"><span style=\"font-family: 'Century Gothic','Times New Roman','Bitstream Charter',Times,serif;\"><span style=\"font-size: x-large;\"><img loading=\"lazy\" class=\"alignabsmiddle\" alt=\"\" src=\"http:\/\/aulambra.lineadecodigo.com\/wp-content\/uploads\/2009\/04\/pdf.png\" width=\"45\" height=\"45\" align=\"absmiddle\" \/> <span style=\"color: #008000;\"><strong>EJERCICIOS IMPRIMIBLES<\/strong><\/span><\/span><\/span><\/p>\n<p style=\"text-align: justify; padding-left: 90px;\"><img loading=\"lazy\" alt=\"\" src=\"http:\/\/aulambra.lineadecodigo.com\/wp-content\/uploads\/2009\/04\/pdf.png\" width=\"34\" height=\"34\" align=\"absmiddle\" \/><span style=\"font-family: 'Century Gothic';\"><span style=\"font-size: medium;\"> <a href=\"http:\/\/www.apuntesdelengua.com\/archivos\/sintaxis\/CD-CI\/EjerciciosCD01.pdf\" target=\"_blank\">Ficha de ejercicios 1: Repaso de conceptos te\u00f3ricos y ejercicios sencillos.<\/a> <\/span><\/span><\/p>\n<p style=\"text-align: justify; padding-left: 90px;\"><a href=\"http:\/\/www.apuntesdelengua.com\/archivos\/sintaxis\/CD-CI\/Autoevaluacion_CD.pdf\"><img loading=\"lazy\" class=\"alignnone\" alt=\"\" src=\"http:\/\/www.apuntesdelengua.com\/images\/iconospropios\/autoevaluacion1.png\" width=\"309\" height=\"134\" \/><\/a>\u00a0 \u00a0 \u00a0\u00a0<a href=\"http:\/\/www.apuntesdelengua.com\/archivos\/sintaxis\/CD-CI\/Soluciones_autoevaluacion_CD.pdf\"><img loading=\"lazy\" class=\"alignnone\" alt=\"\" src=\"http:\/\/www.apuntesdelengua.com\/images\/iconospropios\/solucionautoevaluacion.png\" width=\"312\" height=\"128\" \/><\/a><\/p>\n<p style=\"text-align: justify; padding-left: 90px;\">\n","protected":false},"excerpt":{"rendered":"<p>Definici\u00f3n: Es un SN complemento verbal que se da en oraciones transitivas. Esta topolog\u00eda verbal necesita de estos verbos para tener significado completo. Esta ma\u00f1ana me he tomado un vaso de leche Podemos encontrar un CD cuando se refiere a un ser animado precedido de preposici\u00f3n a: La perrera rescat\u00f3 a los gatos abandonados \u00bfC\u00f3mo<\/p>\n","protected":false},"author":1,"featured_media":0,"parent":1699,"menu_order":2,"comment_status":"open","ping_status":"open","template":"onecolumn-page.php","meta":{"_monsterinsights_skip_tracking":false,"_monsterinsights_sitenote_active":false,"_monsterinsights_sitenote_note":"","_monsterinsights_sitenote_category":0},"aioseo_notices":[],"_links":{"self":[{"href":"http:\/\/www.apuntesdelengua.com\/blog\/wp-json\/wp\/v2\/pages\/2215"}],"collection":[{"href":"http:\/\/www.apuntesdelengua.com\/blog\/wp-json\/wp\/v2\/pages"}],"about":[{"href":"http:\/\/www.apuntesdelengua.com\/blog\/wp-json\/wp\/v2\/types\/page"}],"author":[{"embeddable":true,"href":"http:\/\/www.apuntesdelengua.com\/blog\/wp-json\/wp\/v2\/users\/1"}],"replies":[{"embeddable":true,"href":"http:\/\/www.apuntesdelengua.com\/blog\/wp-json\/wp\/v2\/comments?post=2215"}],"version-history":[{"count":11,"href":"http:\/\/www.apuntesdelengua.com\/blog\/wp-json\/wp\/v2\/pages\/2215\/revisions"}],"predecessor-version":[{"id":6061,"href":"http:\/\/www.apuntesdelengua.com\/blog\/wp-json\/wp\/v2\/pages\/2215\/revisions\/6061"}],"up":[{"embeddable":true,"href":"http:\/\/www.apuntesdelengua.com\/blog\/wp-json\/wp\/v2\/pages\/1699"}],"wp:attachment":[{"href":"http:\/\/www.apuntesdelengua.com\/blog\/wp-json\/wp\/v2\/media?parent=2215"}],"curies":[{"name":"wp","href":"https:\/\/api.w.org\/{rel}","templated":true}]}}

<p style="text-align: justify;"><strong><em><span style="text-decoration: underline;"><em><img loading="lazy" alt="" src="http://www.fotosearch.com/bthumb/CSP/CSP067/k0670541.jpg" width="45" height="45" align="absmiddle" /></em></span></em></strong><strong><span style="color: #008000;"><span style="font-family: 'Century Gothic';"><span style="font-size: x-large;">Definición:</span></span></span></strong></p>
<p style="text-align: justify;"><span style="font-family: 'Century Gothic';"><span style="font-size: medium;">Es un <span style="color: #008000;"><strong>SN</strong></span> complemento verbal que se da en oraciones transitivas. Esta topología verbal necesita de estos verbos para tener significado completo.</span></span></p>
<p style="text-align: justify; padding-left: 90px;"><span style="font-family: 'Century Gothic';"><span style="font-size: medium;">Esta mañana me he tomado <span style="text-decoration: underline;"><span style="color: #008000;"><strong>un vaso de leche</strong></span></span></span></span></p>
<p style="text-align: justify;"><span style="font-family: 'Century Gothic';"><span style="font-size: medium;">Podemos encontrar un <span style="color: #008000;"><strong>CD</strong></span> cuando se refiere a un ser animado <span style="color: #008000;"><strong>precedido de preposición a</strong></span>:</span></span></p>
<p style="text-align: justify; padding-left: 90px;"><span style="font-family: 'Century Gothic';"><span style="font-size: medium;">La perrera rescató <span style="text-decoration: underline;"><span style="color: #008000;"><strong>a los gatos abandonados</strong></span></span></span></span></p>
<p style="text-align: justify; padding-left: 90px;">
<p style="text-align: justify;"><strong><em><span style="text-decoration: underline;"><em><img loading="lazy" alt="" src="http://www.fotosearch.com/bthumb/CSP/CSP067/k0670541.jpg" width="45" height="45" align="absmiddle" /></em></span></em></strong><strong><span style="color: #008000;"><span style="font-family: 'Century Gothic';"><span style="font-size: x-large;">¿Cómo se identifica?</span></span></span></strong></p>
<p style="text-align: justify;">
<p style="text-align: justify;"><span style="font-family: 'Century Gothic';"><span style="font-size: medium;">Existen diferentes procedimientos, pero básicamente haremos referencia a DOS durante este curso:</span></span></p>
<p style="text-align: justify; padding-left: 60px;"><span style="font-family: 'Century Gothic';"><span style="font-size: medium;"><strong>a) </strong>Sustituyendo el CD por un pronombre átono de tercera persona: <span style="color: #008000;"><strong>lo, la, los, las.</strong></span></span></span></p>
<p style="text-align: justify; padding-left: 150px;"><span style="font-family: 'Century Gothic';"><span style="font-size: medium;">Esta mañana me he tomado <strong><span style="text-decoration: underline;"><span style="color: #008000;">un vaso de leche</span></span> = </strong>Esta mañana me <span style="text-decoration: underline;"><span style="color: #008000;"><strong>lo</strong></span></span> he tomado<strong> </strong></span></span></p>
<p style="text-align: justify; padding-left: 60px;"><span style="font-family: 'Century Gothic';"><span style="font-size: medium;"><strong>b)</strong> Cambiando la oración activa a oración pasiva. En este caso, el CD en la oración activa pasa a ser SUJETO PACIENTE en la oración pasiva.</span></span></p>
<p style="text-align: justify; padding-left: 150px;"><span style="font-family: 'Century Gothic';"><span style="font-size: medium;">(oración activa)  La perrera rescató <strong><span style="text-decoration: underline;"><span style="color: #008000;">a los gatos abandonados</span></span></strong> (La perrera <strong><span style="text-decoration: underline;"><span style="color: #008000;">los</span></span></strong> rescató)     <strong> </strong></span></span></p>
<p style="text-align: justify; padding-left: 150px;"><span style="font-family: 'Century Gothic';"><span style="font-size: medium;">(oración pasiva)  <span style="color: #008000;"><strong>Los gatos abandonados</strong> </span> (Sujeto paciente) fueron rescatados por la perrera.</span></span></p>
<p style="text-align: justify;"><strong><em><span style="text-decoration: underline;"><em><img loading="lazy" alt="" src="http://www.fotosearch.com/bthumb/CSP/CSP067/k0670541.jpg" width="45" height="45" align="absmiddle" /></em></span></em></strong><span style="color: #008000;"><strong><span style="font-family: 'Century Gothic';"><span style="font-size: x-large;">Presentaciones interactivas</span></span></strong></span></p>
<p style="text-align: center;"><span style="font-family: 'Century Gothic';"><span style="font-size: medium;"><strong><span style="color: #800000;">«Un complemento muy directo»</span></strong> </span></span></p>
<p style="text-align: justify;">
<p><a href="http://www.edu365.cat/eso/muds/castella/c_directo/index.htm" target="_blank"><img loading="lazy" class="size-thumbnail wp-image-2225" title="Captura de pantalla 2010-03-14 a las 23.30.39" alt="" src="http://www.apuntesdelengua.com/blog/wp-content/uploads/2010/03/Captura-de-pantalla-2010-03-14-a-las-23.30.39-150x150.png" width="252" height="173" /></a></p>
<p style="text-align: center;"><span style="font-family: 'Century Gothic';"><span style="font-size: medium;">El Complemento Directo (Instituto Cervantes)</span></span></p>
<p><a href="http://cvc.cervantes.es/ensenanza/actividades_ave/nivelI/actividad_51.htm"><img loading="lazy" class="size-thumbnail wp-image-2226" title="Captura de pantalla 2010-03-14 a las 23.34.47" alt="" src="http://www.apuntesdelengua.com/blog/wp-content/uploads/2010/03/Captura-de-pantalla-2010-03-14-a-las-23.34.47-150x150.png" width="139" height="139" srcset="http://www.apuntesdelengua.com/blog/wp-content/uploads/2010/03/Captura-de-pantalla-2010-03-14-a-las-23.34.47-150x150.png 150w, http://www.apuntesdelengua.com/blog/wp-content/uploads/2010/03/Captura-de-pantalla-2010-03-14-a-las-23.34.47-64x64.png 64w" sizes="(max-width: 139px) 100vw, 139px" /></a></p>
<p style="text-align: justify;"><img loading="lazy" class="alignabsmiddle" alt="" src="http://www.fotosearch.com/bthumb/UNC/UNC226/u12698109.jpg" width="45" height="45" align="absmiddle" /> <strong><span style="color: #008000;"><span style="font-family: 'Century Gothic';"><span style="font-size: x-large;">Ejercicios interactivos.</span></span></span></strong></p>
<p style="text-align: justify; padding-left: 90px;"><a href="http://angarmegia.iespana.es/angarmegia/complementodirecto2.htm" target="_blank"><strong><img loading="lazy" alt="" src="http://www.fotosearch.com/bthumb/CSP/CSP258/k2580374.jpg" width="45" height="35" align="absmiddle" /></strong><strong> </strong><strong> </strong><strong> </strong><span style="font-family: 'Century Gothic';"><span style="font-size: medium;">Completar oraciones con CD (Antonio Gª Mejía)</span></span></a></p>
<p style="text-align: justify; padding-left: 90px;"><a href="http://angarmegia.iespana.es/angarmegia/complementodirecto2.htm" target="_blank"><strong><img loading="lazy" alt="" src="http://www.fotosearch.com/bthumb/CSP/CSP258/k2580376.jpg" width="45" height="35" align="absmiddle" /></strong></a><a href="http://angarmegia.iespana.es/angarmegia/ComplementoDirecto1.htm" target="_blank"><span style="font-family: 'Century Gothic';"><span style="font-size: medium;">Utilizar los distintos CD para completar SV-Predicado (Antonio Gª Mejía)</span></span></a></p>
<p style="text-align: justify; padding-left: 90px;"><a href="http://angarmegia.iespana.es/angarmegia/complementodirecto2.htm" target="_blank"><strong><img loading="lazy" alt="" src="http://www.fotosearch.com/bthumb/CSP/CSP258/k2580388.jpg" width="45" height="35" align="absmiddle" /></strong></a><span style="font-family: 'Century Gothic';"><span style="font-size: medium;"><a href="http://portaldelengua.99k.org/len/len2/len2t10/t10a1.htm" target="_blank">Clasificación de oraciones: ¿transitivas o intransitivas? (portaldelengua)</a></span></span></p>
<p style="text-align: justify; padding-left: 90px;"><a href="http://angarmegia.iespana.es/angarmegia/complementodirecto2.htm" target="_blank"><strong><img loading="lazy" alt="" src="http://www.fotosearch.com/bthumb/CSP/CSP258/k2580389.jpg" width="45" height="35" align="absmiddle" /></strong></a><span style="font-family: 'Century Gothic';"><span style="font-size: medium;"><a href="http://portaldelengua.99k.org/len/len2/len2t10/t10a2.htm" target="_blank">Clasificación de oraciones: consideraciones generales (portaldelengua)</a> </span></span></p>
<p style="text-align: justify;"><span style="font-family: 'Century Gothic','Times New Roman','Bitstream Charter',Times,serif;"><span style="font-size: x-large;"><img loading="lazy" class="alignabsmiddle" alt="" src="http://aulambra.lineadecodigo.com/wp-content/uploads/2009/04/pdf.png" width="45" height="45" align="absmiddle" /> <span style="color: #008000;"><strong>EJERCICIOS IMPRIMIBLES</strong></span></span></span></p>
<p style="text-align: justify; padding-left: 90px;"><img loading="lazy" alt="" src="http://aulambra.lineadecodigo.com/wp-content/uploads/2009/04/pdf.png" width="34" height="34" align="absmiddle" /><span style="font-family: 'Century Gothic';"><span style="font-size: medium;"> <a href="http://www.apuntesdelengua.com/archivos/sintaxis/CD-CI/EjerciciosCD01.pdf" target="_blank">Ficha de ejercicios 1: Repaso de conceptos teóricos y ejercicios sencillos.</a> </span></span></p>
<p style="text-align: justify; padding-left: 90px;"><a href="http://www.apuntesdelengua.com/archivos/sintaxis/CD-CI/Autoevaluacion_CD.pdf"><img loading="lazy" class="alignnone" alt="" src="http://www.apuntesdelengua.com/images/iconospropios/autoevaluacion1.png" width="309" height="134" /></a>      <a href="http://www.apuntesdelengua.com/archivos/sintaxis/CD-CI/Soluciones_autoevaluacion_CD.pdf"><img loading="lazy" class="alignnone" alt="" src="http://www.apuntesdelengua.com/images/iconospropios/solucionautoevaluacion.png" width="312" height="128" /></a></p>
<p style="text-align: justify; padding-left: 90px;">

<p>Definición: Es un SN complemento verbal que se da en oraciones transitivas. Esta topología verbal necesita de estos verbos para tener significado completo. Esta mañana me he tomado un vaso de leche Podemos encontrar un CD cuando se refiere a un ser animado precedido de preposición a: La perrera rescató a los gatos abandonados ¿Cómo</p>
