{"id":2302,"date":"2010-04-14T19:13:05","date_gmt":"2010-04-14T18:13:05","guid":{"rendered":"http:\/\/www.apuntesdelengua.com\/blog\/?page_id=2302"},"modified":"2010-04-14T19:13:05","modified_gmt":"2010-04-14T18:13:05","slug":"la-prosa-renacentista","status":"publish","type":"page","link":"http:\/\/www.apuntesdelengua.com\/blog\/cursos\/3%c2%ba-eso\/la-literatura-renacentista\/la-prosa-renacentista\/","title":{"rendered":"La prosa renacentista"},"content":{"rendered":"<p style=\"text-align: justify;\"><strong><em><span style=\"text-decoration: underline;\"><em><img loading=\"lazy\" src=\"http:\/\/www.fotosearch.com\/bthumb\/CSP\/CSP067\/k0670541.jpg\" alt=\"\" width=\"45\" height=\"45\" align=\"absmiddle\" \/><\/em><\/span><\/em><\/strong><span style=\"color: #008000;\"><strong><span style=\"font-family: 'Century Gothic';\"><span style=\"font-size: x-large;\">Definici\u00f3n<\/span><\/span><\/strong><\/span><\/p>\n<p style=\"text-align: justify;\"><span style=\"font-family: 'Century Gothic';\"><span style=\"font-size: medium;\">Durante el Renacimiento el auge de la prosa en la lengua castellana se desarrolla en 4 direcciones:<\/span><\/span><\/p>\n<p style=\"text-align: justify; padding-left: 60px;\"><strong><span style=\"text-decoration: underline;\"><img loading=\"lazy\" src=\"http:\/\/www.fotosearch.com\/bthumb\/CSP\/CSP258\/k2580374.jpg\" alt=\"\" width=\"45\" height=\"35\" align=\"absmiddle\" \/><\/span><\/strong><span style=\"font-family: 'Century Gothic';\"><span style=\"font-size: medium;\"><span style=\"color: #008000;\"><strong>LA PROSA DID\u00c1CTICA<\/strong>:<\/span> pretende el      perfeccionamiento del ser humano y la reforma de la sociedad. Utiliza el      di\u00e1logo y la exposici\u00f3n de ideas. Como autores destacan <em>Juan de Vald\u00e9s      y Fray Antonio de Guevara.<\/em><\/span><\/span><\/p>\n<p style=\"text-align: justify; padding-left: 60px;\"><strong><img loading=\"lazy\" src=\"http:\/\/www.fotosearch.com\/bthumb\/CSP\/CSP258\/k2580376.jpg\" alt=\"\" width=\"45\" height=\"35\" align=\"absmiddle\" \/><\/strong><span style=\"font-family: 'Century Gothic';\"><span style=\"font-size: medium;\"><strong><span style=\"color: #008000;\">LA PROSA HIST\u00d3RICA:<\/span> <\/strong> Impulsada por el sentimiento      expansionista de la \u00e9poca- Como autor podemos destacar al <em>Padre Mariana <\/em> con su \u201cHistoria de      Indias\u201d<\/span><\/span><\/p>\n<p style=\"text-align: justify; padding-left: 60px;\"><strong><img loading=\"lazy\" src=\"http:\/\/www.fotosearch.com\/bthumb\/CSP\/CSP258\/k2580388.jpg\" alt=\"\" width=\"45\" height=\"35\" align=\"absmiddle\" \/><\/strong><span style=\"font-family: 'Century Gothic';\"><span style=\"font-size: medium;\"><strong><span style=\"color: #008000;\">LA PROSA RELIGIOSA:<\/span> <\/strong>Representada <em>Fray      Luis de Le\u00f3n y Sta Teresa de Jes\u00fas.<\/em> <\/span><\/span><\/p>\n<p style=\"text-align: justify; padding-left: 60px;\"><strong><img loading=\"lazy\" src=\"http:\/\/www.fotosearch.com\/bthumb\/CSP\/CSP258\/k2580389.jpg\" alt=\"\" width=\"45\" height=\"35\" align=\"absmiddle\" \/><\/strong><span style=\"font-family: 'Century Gothic';\"><span style=\"font-size: medium;\"><strong><span style=\"color: #008000;\">LA PROSA NARRATIVA:<\/span> <\/strong>Gran auge debido      al incremento de lectores. Se mantienen algunas formas anteriores\u00a0 y se modifican otras dando lugar a      diversos g\u00e9neros.<strong> <\/strong><\/span><\/span><\/p>\n<h4>\n<p style=\"text-align: justify;\"><strong><em><span style=\"text-decoration: underline;\"><em><img loading=\"lazy\" src=\"http:\/\/www.fotosearch.com\/bthumb\/CSP\/CSP067\/k0670541.jpg\" alt=\"\" width=\"45\" height=\"45\" align=\"absmiddle\" \/><\/em><\/span><\/em><\/strong><span style=\"color: #008000;\"><span style=\"font-family: 'Century Gothic';\"><span style=\"font-size: x-large;\">LAS FORMAS NARRATIVAS DEL SIGLO XVI<\/span><\/span><\/span><\/p>\n<\/h4>\n<p style=\"text-align: justify;\"><span style=\"font-family: 'Century Gothic';\"><span style=\"font-size: medium;\">En los siglos XVI y XVII el termino novela ( del italiano <em>novella)<\/em>, s\u00f3lo se utilizaba para referirse a narraciones breves como es el caso de <em>Las Novelas Ejemplares <\/em>de Cervantes. El resto de las narraciones no ten\u00edan un termino preciso. Los m\u00e1s frecuentes eran \u201ctratado\u201d, \u201cvida\u201d, \u201chistoria\u201d, \u201clibro\u201d acompa\u00f1ados del\u00a0 nombre de los protagonistas. Sin embargo la cr\u00edtica aplica a todas \u00e9stas tambi\u00e9n el t\u00e9rmino de <em>novela<\/em>.<\/span><\/span><\/p>\n<p style=\"text-align: justify;\"><span style=\"font-family: 'Century Gothic';\"><span style=\"font-size: medium;\">Se desarrollan <span style=\"color: #008000;\"><strong>dos tendencias narrativas:<\/strong><\/span><\/span><\/span><\/p>\n<h5><img loading=\"lazy\" src=\"http:\/\/www.fotosearch.com\/bthumb\/ARP\/ARP122\/A_bl.jpg\" alt=\"\" width=\"50\" height=\"47\" align=\"absmiddle\" \/><span style=\"font-family: 'Century Gothic';\"><span style=\"font-size: large;\"><span style=\"color: #008000;\">NOVELA IDEALISTA O FANT\u00c1STICA<\/span><br \/>\n<\/span><\/span><\/h5>\n<p style=\"text-align: justify;\"><span style=\"color: #008000;\"><span style=\"font-family: 'Century Gothic';\"><span style=\"font-size: medium;\"><strong>Caracter\u00edsticas<\/strong><strong><em>:<\/em><\/strong><\/span><\/span><\/span><\/p>\n<p style=\"text-align: justify;\"><span style=\"font-family: 'Century Gothic';\"><span style=\"font-size: medium;\"> <\/span><\/span><\/p>\n<p style=\"text-align: justify; padding-left: 60px;\"><span style=\"font-family: 'Century Gothic';\"><span style=\"font-size: medium;\">El protagonista es un h\u00e9roe que siempre triunfa a pesar de todas las\u00a0\u00a0 dificultades.<\/span><\/span><\/p>\n<p style=\"text-align: justify; padding-left: 60px;\"><span style=\"font-family: 'Century Gothic';\"><span style=\"font-size: medium;\">Los ambientes y lugares son ficticios o est\u00e1n idealizados.<\/span><\/span><\/p>\n<p style=\"text-align: justify; padding-left: 60px;\"><span style=\"font-family: 'Century Gothic';\"><span style=\"font-size: medium;\"> Las acciones son inveros\u00edmiles y de final feliz.<\/span><\/span><\/p>\n<p style=\"text-align: justify;\"><span style=\"font-family: 'Century Gothic';\"><span style=\"font-size: medium;\"><strong> <span style=\"color: #008000;\">Tipos de novelas:<\/span><em><br \/>\n<\/em><\/strong><\/span><\/span><\/p>\n<p style=\"text-align: justify; padding-left: 60px;\"><strong><span style=\"text-decoration: underline;\"><img loading=\"lazy\" src=\"http:\/\/www.fotosearch.com\/bthumb\/CSP\/CSP258\/k2580374.jpg\" alt=\"\" width=\"45\" height=\"35\" align=\"absmiddle\" \/><\/span><\/strong><span style=\"font-family: 'Century Gothic';\"><span style=\"font-size: medium;\"><strong><span style=\"color: #008000;\">De Caballer\u00edas:<\/span><\/strong> Proceden de dos grandes ciclos franceses el art\u00farico que relataba las proezas del Rey Arturo y el carlolingio que relataba las de Carlomagno. Ambos muy conocidos en Espa\u00f1a, donde a principios del siglo XIV se compuso uno de los libros m\u00e1s importantes del g\u00e9nero: El <a href=\"http:\/\/es.wikipedia.org\/wiki\/Amad%C3%ADs_de_Gaula\" target=\"_blank\">Amad\u00eds de Gaula<\/a>, cuyo \u00e9xito fue tal que cre\u00f3 un g\u00e9nero estrella en la \u00e9poca. El <a href=\"http:\/\/www.elmundo.es\/quijote\/\" target=\"_blank\">Quijote<\/a> es la parodia de estos libros que todav\u00eda se le\u00edan a finales del siglo XVI.<\/span><\/span><\/p>\n<p style=\"text-align: center; padding-left: 60px;\"><img loading=\"lazy\" src=\"http:\/\/www.radiantveracity.com\/wp-content\/uploads\/2009\/08\/Icon-YouTube.png\" alt=\"\" width=\"54\" height=\"54\" align=\"absmiddle\" \/><span style=\"font-family: 'Century Gothic';\"><span style=\"font-size: medium;\"><span style=\"color: #008000;\">Amad\u00eds de Gaula: Quinientos a\u00f1os de literatura de caballer\u00edas<\/span><\/span><\/span><\/p>\n<p style=\"text-align: center; padding-left: 60px;\">httpv:\/\/www.youtube.com\/watch?v=HW7Jtkii2o8<\/p>\n<p style=\"text-align: center; padding-left: 60px;\"><img loading=\"lazy\" src=\"http:\/\/www.radiantveracity.com\/wp-content\/uploads\/2009\/08\/Icon-YouTube.png\" alt=\"\" width=\"54\" height=\"54\" align=\"absmiddle\" \/><span style=\"font-family: 'Century Gothic';\"><span style=\"font-size: medium;\"><span style=\"color: #008000;\">Secuencia \u00abDon Quijote de la Mancha\u00bb (episodio de los molinos)<\/span><\/span><\/span><\/p>\n<p style=\"text-align: center; padding-left: 60px;\">httpv:\/\/www.youtube.com\/watch?v=24gDcvp9Agw<\/p>\n<p style=\"text-align: justify; padding-left: 60px;\"><span style=\"font-family: 'Century Gothic';\"><span style=\"font-size: medium;\">Los libros de caballer\u00edas se presentan como relatos hist\u00f3ricos que cuentan haza\u00f1as fant\u00e1sticas de caballeros y que est\u00e1n compuestos por un historiador que escribe en una lengua ex\u00f3tica. En ellos el autor se presenta como mero traductor. Fueron la lectura predilecta de la nobleza hasta mediar el siglo y de los estamentos inferiores despu\u00e9s. Se le\u00edan adem\u00e1s en p\u00fablico.<\/span><\/span><\/p>\n<p style=\"text-align: justify; padding-left: 60px;\"><strong><img loading=\"lazy\" src=\"http:\/\/www.fotosearch.com\/bthumb\/CSP\/CSP258\/k2580376.jpg\" alt=\"\" width=\"45\" height=\"35\" align=\"absmiddle\" \/><\/strong><span style=\"font-family: 'Century Gothic';\"><span style=\"font-size: medium;\"><strong><span style=\"color: #008000;\">Novela Bizantina o de aventuras:<\/span><\/strong> Se trataba de novelas de peregrinaci\u00f3n muy bien construidas y escritas, en las que las aventuras- naufragios, incendios, raptos&#8230;- se interfieren con la acci\u00f3n amorosa que suele tener un final feliz.<\/span><\/span><\/p>\n<p style=\"text-align: justify; padding-left: 60px;\"><span style=\"font-family: 'Century Gothic';\"><span style=\"font-size: medium;\">Lo m\u00e1s caracter\u00edstico es su estructura narrativa: comienzan in medias res y poco a poco los personajes van relatando su historia. Estos relatos se interrumpen con constantes peripecias y s\u00f3lo al final el lector conoce la compleja trama. Muy apreciadas por el p\u00fablico culto, Cervantes fue uno de los principales seguidores de la \u00e9poca (Los trabajos de Persiles y Seguismunda)<\/span><\/span><\/p>\n<p style=\"text-align: justify; padding-left: 60px;\"><strong><img loading=\"lazy\" src=\"http:\/\/www.fotosearch.com\/bthumb\/CSP\/CSP258\/k2580388.jpg\" alt=\"\" width=\"45\" height=\"35\" align=\"absmiddle\" \/><\/strong><span style=\"font-family: 'Century Gothic';\"><span style=\"font-size: medium;\"><strong><span style=\"color: #008000;\">Novela Pastoril:<\/span><\/strong> Narran los amores entre pastores refinados en un paisaje idealizado (locus amoenus)que aman, padecen celos, cantan hermosas canciones, alcanzando unos el amor de sus pastoras y otros perdi\u00e9ndolo irremediablemente y en muchas ocasiones sufren encantamientos. La expresi\u00f3n suele ser exquisita y culta. Cervantes cultiv\u00f3 este g\u00e9nero con <span style=\"color: #008000;\"><strong>La Galetea<\/strong><\/span>.<\/span><\/span><\/p>\n<p style=\"text-align: justify; padding-left: 60px;\"><span style=\"font-family: 'Century Gothic';\"><span style=\"font-size: medium;\"><br \/>\n<\/span><\/span><\/p>\n<p style=\"text-align: justify; padding-left: 60px;\"><strong><img loading=\"lazy\" src=\"http:\/\/www.fotosearch.com\/bthumb\/CSP\/CSP258\/k2580389.jpg\" alt=\"\" width=\"45\" height=\"35\" align=\"absmiddle\" \/><\/strong><span style=\"font-family: 'Century Gothic';\"><span style=\"font-size: medium;\"><strong><span style=\"color: #008000;\">Novela Morisca:<\/span><\/strong> Tienen por eje a un moro caballeresco y galante, como el que ya aparec\u00eda en los romances fronterizos, en los que el musulm\u00e1n ya no aparec\u00eda como enemigo sino adornado con cualidades morales y encuadrado en ambiente de brillante colorido.<\/span><\/span><\/p>\n<p style=\"text-align: justify;\"><img loading=\"lazy\" src=\"http:\/\/www.fotosearch.com\/bthumb\/ARP\/ARP122\/B_bl.jpg\" alt=\"\" width=\"50\" height=\"47\" align=\"absmiddle\" \/><strong><span style=\"color: #008000;\"><span style=\"font-family: 'Century Gothic';\"><span style=\"font-size: large;\">NOVELA REALISTA<\/span><\/span><\/span><\/strong><\/p>\n<p style=\"text-align: justify;\"><strong><span style=\"color: #008000;\"><span style=\"font-family: 'Century Gothic';\"><span style=\"font-size: medium;\">Caracter\u00edsticas:<\/span><\/span><\/span><\/strong><\/p>\n<p style=\"text-align: justify; padding-left: 60px;\"><strong><span style=\"text-decoration: underline;\"><img loading=\"lazy\" src=\"http:\/\/www.fotosearch.com\/bthumb\/CSP\/CSP258\/k2580374.jpg\" alt=\"\" width=\"45\" height=\"35\" align=\"absmiddle\" \/><\/span><\/strong><span style=\"font-family: 'Century Gothic';\"><span style=\"font-size: medium;\">El protagonista es un antih\u00e9roe, cuyas acciones habitualmente no tienen un final feliz.<\/span><\/span><\/p>\n<p style=\"text-align: justify; padding-left: 60px;\"><strong><img loading=\"lazy\" src=\"http:\/\/www.fotosearch.com\/bthumb\/CSP\/CSP258\/k2580376.jpg\" alt=\"\" width=\"45\" height=\"35\" align=\"absmiddle\" \/><\/strong><span style=\"font-family: 'Century Gothic';\"><span style=\"font-size: medium;\">Localizaciones reales<\/span><\/span><\/p>\n<p style=\"text-align: justify; padding-left: 60px;\"><strong><img loading=\"lazy\" src=\"http:\/\/www.fotosearch.com\/bthumb\/CSP\/CSP258\/k2580388.jpg\" alt=\"\" width=\"45\" height=\"35\" align=\"absmiddle\" \/><\/strong><span style=\"font-family: 'Century Gothic';\"><span style=\"font-size: medium;\">Hechos veros\u00edmiles y no fant\u00e1sticos<\/span><\/span><\/p>\n<p style=\"text-align: justify; padding-left: 60px;\"><strong><img loading=\"lazy\" src=\"http:\/\/www.fotosearch.com\/bthumb\/CSP\/CSP258\/k2580389.jpg\" alt=\"\" width=\"45\" height=\"35\" align=\"absmiddle\" \/><\/strong><span style=\"font-family: 'Century Gothic';\"><span style=\"font-size: medium;\">Reflejan la vida de la \u00e9poca<\/span><\/span><\/p>\n<p style=\"text-align: justify; padding-left: 60px;\"><strong><img loading=\"lazy\" src=\"http:\/\/www.fotosearch.com\/bthumb\/CSP\/CSP258\/k2580390.jpg\" alt=\"\" width=\"45\" height=\"35\" align=\"absmiddle\" \/><\/strong><span style=\"font-family: 'Century Gothic';\"><span style=\"font-size: medium;\">Los personajes hablan seg\u00fan su estado<\/span><\/span><\/p>\n<p style=\"text-align: justify;\"><strong><span style=\"color: #008000;\"><span style=\"font-family: 'Century Gothic';\"><span style=\"font-size: medium;\"><span style=\"text-decoration: underline;\">Tipos de novela<\/span>:<\/span><\/span><\/span><\/strong><\/p>\n<p style=\"text-align: justify; padding-left: 60px;\"><span style=\"font-family: 'Century Gothic';\"><span style=\"font-size: medium;\">Picaresca<\/span><\/span><\/p>\n<p style=\"text-align: justify; padding-left: 60px;\"><span style=\"font-family: 'Century Gothic';\"><span style=\"font-size: medium;\">Novela realista cervantina (Novelas ejemplares). Pincha sobre la imagen para acceder a m\u00e1s informaci\u00f3n sobre esta obra.<br \/>\n<\/span><\/span><\/p>\n<p style=\"text-align: justify; padding-left: 60px;\"><span style=\"font-family: 'Century Gothic';\"><span style=\"font-size: medium;\"><\/p>\n<div style=\"width: 155px\" class=\"wp-caption alignnone\"><a href=\"http:\/\/es.wikipedia.org\/wiki\/Novelas_ejemplares\"><img loading=\"lazy\" src=\"http:\/\/upload.wikimedia.org\/wikipedia\/commons\/9\/90\/1613_cervantes_novelas_exemplares.png\" alt=\"\" width=\"145\" height=\"247\" \/><\/a><p class=\"wp-caption-text\">Fuente: Wikipedia<\/p><\/div>\n<p><\/span><\/span><\/p>\n","protected":false},"excerpt":{"rendered":"<p>Definici\u00f3n Durante el Renacimiento el auge de la prosa en la lengua castellana se desarrolla en 4 direcciones: LA PROSA DID\u00c1CTICA: pretende el perfeccionamiento del ser humano y la reforma de la sociedad. Utiliza el di\u00e1logo y la exposici\u00f3n de ideas. Como autores destacan Juan de Vald\u00e9s y Fray Antonio de Guevara. LA PROSA HIST\u00d3RICA:<\/p>\n","protected":false},"author":1,"featured_media":0,"parent":2069,"menu_order":4,"comment_status":"open","ping_status":"open","template":"page-1col.php","meta":{"_monsterinsights_skip_tracking":false,"_monsterinsights_sitenote_active":false,"_monsterinsights_sitenote_note":"","_monsterinsights_sitenote_category":0},"aioseo_notices":[],"_links":{"self":[{"href":"http:\/\/www.apuntesdelengua.com\/blog\/wp-json\/wp\/v2\/pages\/2302"}],"collection":[{"href":"http:\/\/www.apuntesdelengua.com\/blog\/wp-json\/wp\/v2\/pages"}],"about":[{"href":"http:\/\/www.apuntesdelengua.com\/blog\/wp-json\/wp\/v2\/types\/page"}],"author":[{"embeddable":true,"href":"http:\/\/www.apuntesdelengua.com\/blog\/wp-json\/wp\/v2\/users\/1"}],"replies":[{"embeddable":true,"href":"http:\/\/www.apuntesdelengua.com\/blog\/wp-json\/wp\/v2\/comments?post=2302"}],"version-history":[{"count":2,"href":"http:\/\/www.apuntesdelengua.com\/blog\/wp-json\/wp\/v2\/pages\/2302\/revisions"}],"predecessor-version":[{"id":2304,"href":"http:\/\/www.apuntesdelengua.com\/blog\/wp-json\/wp\/v2\/pages\/2302\/revisions\/2304"}],"up":[{"embeddable":true,"href":"http:\/\/www.apuntesdelengua.com\/blog\/wp-json\/wp\/v2\/pages\/2069"}],"wp:attachment":[{"href":"http:\/\/www.apuntesdelengua.com\/blog\/wp-json\/wp\/v2\/media?parent=2302"}],"curies":[{"name":"wp","href":"https:\/\/api.w.org\/{rel}","templated":true}]}}