{"id":2529,"date":"2010-04-26T13:12:09","date_gmt":"2010-04-26T12:12:09","guid":{"rendered":"http:\/\/www.apuntesdelengua.com\/blog\/?page_id=2529"},"modified":"2010-05-03T22:43:09","modified_gmt":"2010-05-03T21:43:09","slug":"miguel-de-cervantes-teatro-y-poesia","status":"publish","type":"page","link":"http:\/\/www.apuntesdelengua.com\/blog\/cursos\/3%c2%ba-eso\/la-literatura-renacentista\/miguel-de-cervantes\/miguel-de-cervantes-teatro-y-poesia\/","title":{"rendered":"Miguel de Cervantes: teatro y poes\u00eda."},"content":{"rendered":"<p><span style=\"font-family: 'Century Gothic';\"><span style=\"font-size: x-small;\">(Fuente de la informaci\u00f3n: Kalipedia)<\/span><\/span><\/p>\n<p><span style=\"font-family: 'Century Gothic';\"><span style=\"font-size: x-small;\"> <\/span><\/span><\/p>\n<div style=\"width: 385px\" class=\"wp-caption aligncenter\"><img loading=\"lazy\" src=\"http:\/\/pe.kalipedia.com\/kalipediamedia\/lenguayliteratura\/media\/200704\/18\/literaturacastellana\/20070418klplyllic_70.Ies.SCO.jpg\" alt=\"\" width=\"375\" height=\"249\" \/><p class=\"wp-caption-text\">Fuente: Kalipedia<\/p><\/div>\n<p style=\"text-align: justify;\"><strong><em><span style=\"text-decoration: underline;\"><em><img loading=\"lazy\" src=\"http:\/\/www.fotosearch.com\/bthumb\/CSP\/CSP067\/k0670541.jpg\" alt=\"\" width=\"45\" height=\"45\" align=\"absmiddle\" \/><\/em><\/span><\/em><\/strong><strong><span style=\"color: #008000;\"><span style=\"font-family: 'Century Gothic';\"><span style=\"font-size: x-large;\">Miguel de Cervantes: poes\u00eda<\/span><\/span><\/span><\/strong><\/p>\n<p style=\"text-align: justify;\"><span style=\"font-family: 'Century Gothic';\"><span style=\"font-size: medium;\"><em><em><img loading=\"lazy\" class=\"alignleft\" src=\"http:\/\/upload.wikimedia.org\/wikipedia\/commons\/3\/3f\/Viaje_del_Parnaso.jpg\" alt=\"\" width=\"129\" height=\"201\" \/><\/em><\/em><\/span><\/span><span style=\"font-family: 'Century Gothic';\"><span style=\"font-size: medium;\">La \u00fanica <span style=\"color: #008000;\"><strong>obra en verso<\/strong><\/span> publicada por Cervantes es <em>El viaje del Parnaso<\/em> (1614), en la que se debate sobre la propia literatura. <\/span><\/span><\/p>\n<p style=\"text-align: justify;\"><span style=\"font-family: 'Century Gothic';\"><span style=\"font-size: medium;\"> <\/span><\/span><span style=\"font-family: 'Century Gothic';\"><span style=\"font-size: medium;\">Salvo algunos textos que se conservaron manuscritos su poes\u00eda se encuentra incluida en sus l<\/span><\/span><span style=\"font-family: 'Century Gothic';\"><span style=\"font-size: medium;\"> <\/span><\/span><span style=\"font-family: 'Century Gothic';\"><span style=\"font-size: medium;\">ibros en prosa, en especial en <strong><span style=\"color: #008000;\">La Galatea<\/span><\/strong><\/span><\/span><span style=\"font-family: 'Century Gothic';\"><span style=\"font-size: medium;\"><em>. <\/em><\/span><\/span><span style=\"font-family: 'Century Gothic';\"><span style=\"font-size: medium;\"><em>Como <\/em><\/span><\/span><span style=\"font-family: 'Century Gothic';\"><span style=\"font-size: medium;\"><em>ocurre con el teatro la est\u00e9tica po\u00e9tica se mueve en la tradici\u00f3n de la \u00e9poca, tomando a Gracilaso como modelo. Lo mejor de su poes\u00eda se halla en sus romances, sus canciones octosil\u00e1bicas y en su poes\u00eda sat\u00edrica. <\/em><\/span><\/span><span style=\"font-family: 'Century Gothic';\"><span style=\"font-size: medium;\"> <\/span><\/span><\/p>\n<p style=\"text-align: justify;\"><span style=\"font-family: 'Century Gothic';\"><span style=\"font-size: medium;\"> <\/span><\/span><span style=\"font-family: 'Century Gothic';\"><span style=\"font-size: medium;\"><em>Su obra m\u00e1s importante es <\/em><\/span><\/span><strong><span style=\"color: #008000;\"><span style=\"font-family: 'Century Gothic';\"><span style=\"font-size: medium;\">Viaje al Parnaso<\/span><\/span><\/span><\/strong><span style=\"font-family: 'Century Gothic';\"><span style=\"font-size: medium;\"><em><em> en la que hace un repaso de todos los poetas de la \u00e9poca en tono sat\u00edrico pero amable.<\/em><\/em><\/span><\/span><span style=\"font-family: 'Century Gothic';\"><span style=\"font-size: medium;\"> <\/span><\/span><\/p>\n<p style=\"text-align: justify;\"><a href=\"http:\/\/upload.wikimedia.org\/wikipedia\/commons\/3\/3f\/Viaje_del_Parnaso.jpg\" target=\"_blank\">Procedencia de la imagen<\/a><\/p>\n<p style=\"text-align: justify;\"><span style=\"font-family: 'Century Gothic';\"><span style=\"font-size: medium;\"><em><em><br \/>\n<\/em><\/em><\/span><\/span><\/p>\n<p style=\"text-align: justify;\"><span style=\"font-family: 'Century Gothic';\"><span style=\"font-size: x-large;\"><em><em><strong><em><span style=\"text-decoration: underline;\"><em><img loading=\"lazy\" src=\"http:\/\/www.fotosearch.com\/bthumb\/CSP\/CSP067\/k0670541.jpg\" alt=\"\" width=\"45\" height=\"45\" align=\"absmiddle\" \/><\/em><\/span><\/em><\/strong><strong><span style=\"color: #008000;\">Miguel de Cervantes: teatro<br \/>\n<\/span><\/strong><\/em><\/em><\/span><\/span><\/p>\n<p style=\"text-align: justify;\"><span style=\"font-family: 'Century Gothic';\"><span style=\"font-size: x-large;\"><em><em> <\/em><\/em><\/span><\/span><\/p>\n<p style=\"text-align: justify;\"><span style=\"font-family: 'Century Gothic';\"><span style=\"font-size: medium;\"><em><em>Con respecto a su <span style=\"color: #008000;\"><strong>obra dram\u00e1tica<\/strong><\/span>, contamos con abundantes muestras. <\/em><\/em><\/span><\/span><\/p>\n<p style=\"text-align: justify;\"><span style=\"font-family: 'Century Gothic';\"><span style=\"font-size: medium;\"><em><em>La primera etapa de la producci\u00f3n teatral de Cervantes se desarrolla a finales del siglo XVI. De las obras de estos primeros a\u00f1os se conserva <em>El trato de Argel<\/em> y el <em>Cerco de Numancia<\/em>. En esta \u00faltima se representa la heroica resistencia de los habitantes de la ciudad ante el asedio de Escipi\u00f3n. Se trata de una obra con fuerte contenido emotivo y de car\u00e1cter patri\u00f3tico.<\/em><\/em><\/span><\/span><\/p>\n<p style=\"text-align: justify;\"><span style=\"font-family: 'Century Gothic';\"><span style=\"font-size: medium;\"><em><em>En 1615 Cervantes publica <em>Ocho comedias y ocho entremeses nuevos nunca representados<\/em>. Estas ocho comedias son <em>El gallardo espa\u00f1ol<\/em>, <em>La casa de los celos<\/em>, <em>Los ba\u00f1os de Argel<\/em>, <em>El rufi\u00e1n dichoso<\/em>, <em>La gran sultana do\u00f1a Catalina de Oviedo<\/em>, <em>El laberinto de amor<\/em>, <em>La entretenida<\/em> y <em>Pedro de Urdemalas<\/em>.<\/em><\/em><\/span><\/span><\/p>\n<p style=\"text-align: justify;\"><span style=\"font-family: 'Century Gothic';\"><span style=\"font-size: medium;\"><em><em>Pero Cervantes destaca especialmente en el teatro menor. Sus <span style=\"color: #008000;\"><strong>entremeses<\/strong> <\/span>(nombre que se refiere al mismo concepto que el de pasos) est\u00e1n escritos en prosa y en verso. Son obras breves que se representaban entre los distintos actos de la comedia. La influencia en ellos de Lope de Rueda, a quien Cervantes admiraba, es significativa; de este autor toma el gusto por un lenguaje veros\u00edmil y por algunas de sus figuras. Sin embargo, Cervantes crea tramas m\u00e1s elaboradas y presenta una mayor caracterizaci\u00f3n de sus personajes, que retratan con maestr\u00eda el mundo popular. Los t\u00edtulos de estos entremeses son <em>El retablo de las maravillas<\/em>, <em>El viejo celoso<\/em>, <em>El juez de los divorcios<\/em>, <em>La elecci\u00f3n de los alcaldes de Daganzo<\/em>, <em>El vizca\u00edno fingido<\/em>, <em>La cueva de Salamanca<\/em>, <em>La guarda cuidadosa<\/em> y <em>El rufi\u00e1n viudo llamado Trampagos<\/em>. Sus entremeses muestran, desde una perspectiva burlesca, muchos de los temas tratados por el autor en la narrativa o en sus comedias, como el matrimonio, el honor, el dinero, el desenga\u00f1o o el contraste entre ficci\u00f3n y realidad. Aunque la mayor\u00eda de ellos se desarrollan en un ambiente urbano, cuando aparece el campo, este no se encuentra idealizado. Los personajes que presenta, como corresponde al g\u00e9nero, proceden de la marginaci\u00f3n y, en general, de las clases menos privilegiadas. Los entremeses plantean los conflictos de estos personajes con las normas sociales. Frente al teatro de Lope de Vega, que, como se ver\u00e1, apoya la realidad de su tiempo y el orden social establecido, los entremeses de Cervantes ocultan, detr\u00e1s de la risa, una mirada cr\u00edtica hacia estos valores dominantes.<\/em><\/em><\/span><\/span><\/p>\n<p style=\"text-align: justify;\"><span style=\"font-family: 'Century Gothic';\"><span style=\"font-size: medium;\"><em><em><em><span style=\"color: #008000;\">La cueva de Salamanc<\/span><span style=\"color: #008000;\">a<\/span><\/em> plantea el motivo del esposo burlado. Pancracio, el marido, es un personaje caracterizado por la credulidad extrema y recuerda a la figura del bobo presente en el teatro de Lope de Rueda. Su mujer, Leonarda, y el estudiante son los principales creadores del enga\u00f1o al que se le somete. Esto es posible en parte gracias a la desmedida afici\u00f3n de Pancracio por las artes ocultas y por su falta de juicio. Por esto, en la obra se advierte que \u00e9l es tambi\u00e9n culpable de los enga\u00f1os de su esposa. En este entrem\u00e9s Cervantes, a trav\u00e9s de la comicidad, critica la superstici\u00f3n y la falta de confianza en la raz\u00f3n.<\/em><\/em><\/span><\/span><\/p>\n<p style=\"text-align: justify;\"><span style=\"font-family: 'Century Gothic';\"><span style=\"font-size: medium;\"><em><em> <\/em><\/em><\/span><\/span><span style=\"font-family: 'Century Gothic';\"><span style=\"font-size: medium;\"><em><em><br \/>\nHacia 1615 Cervantes public\u00f3 una colecci\u00f3n dram\u00e1tica titulada <\/em><\/em><\/span><\/span><span style=\"font-family: 'Century Gothic';\"><span style=\"font-size: medium;\"><em><em>Ocho comiedias y ocho entremeses nuevos nunca representados<\/em><\/em><\/span><\/span><span style=\"font-size: medium;\"><span style=\"font-size: medium;\"><em><em>: <\/em><\/em><\/span><\/span><\/p>\n<h5 style=\"text-align: justify;\"><em><em><img loading=\"lazy\" src=\"http:\/\/www.fotosearch.com\/bthumb\/ARP\/ARP122\/A_bl.jpg\" alt=\"\" width=\"50\" height=\"47\" align=\"absmiddle\" \/><span style=\"font-family: 'Century Gothic';\"><span style=\"font-size: medium;\"><strong><span style=\"color: #008000;\">Comedias<\/span><\/strong>:  Suelen clasificarse seg\u00fan el tema:<\/span><\/span><\/em><\/em><\/h5>\n<p style=\"padding-left: 90px; text-align: justify;\"><span style=\"font-family: 'Century Gothic';\"><span style=\"font-size: medium;\"><em><em><strong><span style=\"color: #008000;\">De cautivos<\/span><\/strong>:  experiencia argelina:  <em>Los tratos de Argel, Los Ba\u00f1os de Argel<\/em> y la m\u00e1s importante <em>La gran sultana<\/em><br \/>\n<span style=\"color: #008000;\">D<strong>e santos:<\/strong><\/span> <em>El rufi\u00e1n dichoso<\/em>(sobre la vida de Crist\u00f3bal de la Cruz)<br \/>\n<span style=\"color: #008000;\"><strong>Caballerescas<\/strong><\/span>: con abundancia de elementos m\u00e1gicos y caballerescos:\u00a0 <em>La casa de los celos<\/em> y<em> El laberinto de amor.<\/em><br \/>\n<span style=\"color: #008000;\"><strong>De costumbres y enredos:<\/strong><\/span> <em>Pedro de Urdemalas<\/em><\/em><\/em><\/span><\/span><\/p>\n<p style=\"text-align: justify;\"><em><em><img loading=\"lazy\" src=\"http:\/\/www.fotosearch.com\/bthumb\/ARP\/ARP122\/B_bl.jpg\" alt=\"\" width=\"50\" height=\"47\" align=\"absmiddle\" \/><span style=\"font-family: 'Century Gothic';\"><span style=\"font-size: medium;\"><span style=\"color: #008000;\"><strong>Tragedias<\/strong><\/span>:  Su obra dram\u00e1tica m\u00e1s famosa es <span style=\"color: #008000;\"><em>La Numancia,<\/em><\/span> compuesta hacia 1585 en la que se dramatiza el cerco que se lleva a cabo en \u00e9poca de Escipi\u00f3n para tomar la ciudad y la defensa heroica de sus habitantes que deciden matarse entre s\u00ed y suicidarse.<\/span><\/span><\/em><\/em><\/p>\n<p style=\"text-align: justify;\"><em><em><img loading=\"lazy\" src=\"http:\/\/www.fotosearch.com\/bthumb\/ARP\/ARP122\/C_bl.jpg\" alt=\"\" width=\"50\" height=\"47\" align=\"absmiddle\" \/><span style=\"font-family: 'Century Gothic';\"><span style=\"font-size: medium;\"><span style=\"color: #008000;\"><strong>Entremeses<\/strong><\/span>: En la tradici\u00f3n de Lope de Rueda, Cervantes compuso ocho entremeses en prosa y verso.<\/span><\/span><\/em><\/em><\/p>\n<p style=\"padding-left: 90px; text-align: justify;\"><em><em><strong><span style=\"text-decoration: underline;\"><img loading=\"lazy\" src=\"http:\/\/www.fotosearch.com\/bthumb\/CSP\/CSP258\/k2580374.jpg\" alt=\"\" width=\"45\" height=\"35\" align=\"absmiddle\" \/><\/span><\/strong><span style=\"font-family: 'Century Gothic';\"><span style=\"font-size: medium;\"><span style=\"color: #008000;\">El retablo de las maravillas: <\/span>utiliza el cuento de los embaucadores que presentan un objeto que solo peden ver los escogidos, en este caso, los cristianos viejos.<br \/>\n<span style=\"color: #008000;\"> <\/span><\/span><\/span><strong><img loading=\"lazy\" src=\"http:\/\/www.fotosearch.com\/bthumb\/CSP\/CSP258\/k2580376.jpg\" alt=\"\" width=\"45\" height=\"35\" align=\"absmiddle\" \/><\/strong><span style=\"font-family: 'Century Gothic';\"><span style=\"font-size: medium;\"><span style=\"color: #008000;\">El juez de los divorcios:<\/span> varios matrimonios se presentan ante un juez alegando las causas de su petici\u00f3n de divorcio.<br \/>\n<span style=\"color: #008000;\"> <\/span><\/span><\/span><strong><img loading=\"lazy\" src=\"http:\/\/www.fotosearch.com\/bthumb\/CSP\/CSP258\/k2580388.jpg\" alt=\"\" width=\"45\" height=\"35\" align=\"absmiddle\" \/><\/strong><span style=\"font-family: 'Century Gothic';\"><span style=\"font-size: medium;\"><span style=\"color: #008000;\">El rufian viudo:<\/span> similar en situaciones al desenlace de Rinconete y Cortadillo . Trata con iron\u00eda y tono c\u00f3mico la muerte de la esposa de un personaje del hampa.<br \/>\n<\/span><\/span><strong><img loading=\"lazy\" src=\"http:\/\/www.fotosearch.com\/bthumb\/CSP\/CSP258\/k2580389.jpg\" alt=\"\" width=\"45\" height=\"35\" align=\"absmiddle\" \/><\/strong><span style=\"font-family: 'Century Gothic';\"><span style=\"font-size: medium;\"><span style=\"color: #008000;\">El viejo Celoso y La cueva de Salamanca:<\/span> Cervantes acude a cuentos folcl\u00f3ricos para presentar dos casos de maridos enga\u00f1ados.<br \/>\n<\/span><\/span><strong><img loading=\"lazy\" src=\"http:\/\/www.fotosearch.com\/bthumb\/CSP\/CSP258\/k2580390.jpg\" alt=\"\" width=\"45\" height=\"35\" align=\"absmiddle\" \/><\/strong><span style=\"font-family: 'Century Gothic';\"><span style=\"font-size: medium;\"><span style=\"color: #008000;\">La guardia cuidadosa:<\/span> disputa de las armas y las letras<\/span><\/span><\/em><\/em><\/p>\n","protected":false},"excerpt":{"rendered":"<p>(Fuente de la informaci\u00f3n: Kalipedia) Miguel de Cervantes: poes\u00eda La \u00fanica obra en verso publicada por Cervantes es El viaje del Parnaso (1614), en la que se debate sobre la propia literatura. Salvo algunos textos que se conservaron manuscritos su poes\u00eda se encuentra incluida en sus l ibros en prosa, en especial en La Galatea.<\/p>\n","protected":false},"author":1,"featured_media":0,"parent":854,"menu_order":1,"comment_status":"open","ping_status":"open","template":"page-1col.php","meta":{"_monsterinsights_skip_tracking":false,"_monsterinsights_sitenote_active":false,"_monsterinsights_sitenote_note":"","_monsterinsights_sitenote_category":0},"aioseo_notices":[],"_links":{"self":[{"href":"http:\/\/www.apuntesdelengua.com\/blog\/wp-json\/wp\/v2\/pages\/2529"}],"collection":[{"href":"http:\/\/www.apuntesdelengua.com\/blog\/wp-json\/wp\/v2\/pages"}],"about":[{"href":"http:\/\/www.apuntesdelengua.com\/blog\/wp-json\/wp\/v2\/types\/page"}],"author":[{"embeddable":true,"href":"http:\/\/www.apuntesdelengua.com\/blog\/wp-json\/wp\/v2\/users\/1"}],"replies":[{"embeddable":true,"href":"http:\/\/www.apuntesdelengua.com\/blog\/wp-json\/wp\/v2\/comments?post=2529"}],"version-history":[{"count":5,"href":"http:\/\/www.apuntesdelengua.com\/blog\/wp-json\/wp\/v2\/pages\/2529\/revisions"}],"predecessor-version":[{"id":2614,"href":"http:\/\/www.apuntesdelengua.com\/blog\/wp-json\/wp\/v2\/pages\/2529\/revisions\/2614"}],"up":[{"embeddable":true,"href":"http:\/\/www.apuntesdelengua.com\/blog\/wp-json\/wp\/v2\/pages\/854"}],"wp:attachment":[{"href":"http:\/\/www.apuntesdelengua.com\/blog\/wp-json\/wp\/v2\/media?parent=2529"}],"curies":[{"name":"wp","href":"https:\/\/api.w.org\/{rel}","templated":true}]}}