{"id":546,"date":"2009-02-19T23:42:34","date_gmt":"2009-02-19T22:42:34","guid":{"rendered":"http:\/\/s276893698.mialojamiento.es\/wordpress\/?page_id=546"},"modified":"2010-03-07T22:45:45","modified_gmt":"2010-03-07T21:45:45","slug":"pasapalabra","status":"publish","type":"page","link":"http:\/\/www.apuntesdelengua.com\/blog\/cursos\/1%c2%ba-eso\/pasapalabra\/","title":{"rendered":"Pasapalabra"},"content":{"rendered":"<p style=\"text-align: center;\"><img loading=\"lazy\" class=\"aligncenter\" src=\"http:\/\/www.quejuguetes.com\/wp-content\/uploads\/2008\/08\/pasapalabra.png\" alt=\"\" width=\"400\" height=\"320\" \/><\/p>\n<p style=\"text-align: justify;\"><span style=\"font-family: 'Century Gothic';\"><span style=\"font-size: medium;\">Basado en el famoso y exitoso programa televisivo, nuestr@s alumn@s dise\u00f1ar\u00e1n diferentes roscos en formato Hot Potatoes. Tendr\u00e1s que ser m\u00e1s r\u00e1pido que el cron\u00f3metro para resolverlo correctamente. Potenciamos as\u00ed que nuestr@s alumn@s se interesen por el aprendizaje de una manera l\u00fadica y competitiva, haciendo de las TIC&#8217;s una herramienta tan \u00fatil como interesante a la hora de aprender y \u00abdesafiar\u00bb a sus compa\u00f1er@s. \u00bfQui\u00e9n gana? Sin duda alguna, el conocimiento, puesto que tod@s acaban aprendiendo y, adem\u00e1s, de forma divertida.<br \/>\n<\/span><\/span><\/p>\n<p style=\"text-align: justify;\"><span style=\"font-family: 'Century Gothic';\"><span style=\"font-size: medium;\">Pincha sobre el nombre del autor de los cuestionarios para acceder a \u00e9l:<\/span><\/span><\/p>\n<p style=\"padding-left: 120px;\"><a href=\"http:\/\/s276893698.mialojamiento.es\/archivos\/pasapalabra-pclaveria.htm\" target=\"_blank\"><strong><img loading=\"lazy\" src=\"http:\/\/www.fotosearch.com\/bthumb\/CSP\/CSP258\/k2580374.jpg\" alt=\"\" width=\"45\" height=\"35\" align=\"absmiddle\" \/><\/strong><strong><\/p>\n<p style=\"text-align: justify;\"><span style=\"font-family: 'Century Gothic';\"><span style=\"font-size: medium;\">Pablo Claver\u00eda <\/strong><\/a><a href=\"http:\/\/s276893698.mialojamiento.es\/archivos\/pasapalabra-adelamo.htm\" target=\"_blank\"><img loading=\"lazy\" src=\"http:\/\/www.fotosearch.com\/bthumb\/CSP\/CSP258\/k2580376.jpg\" alt=\"\" width=\"45\" height=\"35\" align=\"absmiddle\" \/><strong><\/p>\n<p style=\"text-align: justify;\"><span style=\"font-family: 'Century Gothic';\"><span style=\"font-size: medium;\">Alejandro del Amo <\/strong><\/a><a href=\"http:\/\/s276893698.mialojamiento.es\/archivos\/pasapalabra-lbarona.htm\" target=\"_blank\"><img loading=\"lazy\" src=\"http:\/\/www.fotosearch.com\/bthumb\/CSP\/CSP258\/k2580388.jpg\" alt=\"\" width=\"45\" height=\"35\" align=\"absmiddle\" \/><strong><\/p>\n<p style=\"text-align: justify;\"><span style=\"font-family: 'Century Gothic';\"><span style=\"font-size: medium;\">Lidia Barona<\/strong><\/a><a href=\"http:\/\/s276893698.mialojamiento.es\/archivos\/pasapalabra-fdalvaro.htm\" target=\"_blank\"><img loading=\"lazy\" src=\"http:\/\/www.fotosearch.com\/bthumb\/CSP\/CSP258\/k2580389.jpg\" alt=\"\" width=\"45\" height=\"35\" align=\"absmiddle\" \/><\/a><strong><a href=\"http:\/\/s276893698.mialojamiento.es\/archivos\/pasapalabra-fdalvaro.htm\" target=\"_blank\"><\/p>\n<p style=\"text-align: justify;\"><span style=\"font-family: 'Century Gothic';\"><span style=\"font-size: medium;\">Francisco Daniel \u00c1lvaro<\/a><\/strong><br \/>\n<a href=\"http:\/\/www.apuntesdelengua.com\/archivos\/1ESO\/pasapalabra\/sergioja1a.htm\" target=\"_blank\"><img loading=\"lazy\" src=\"http:\/\/www.fotosearch.com\/bthumb\/CSP\/CSP258\/k2580390.jpg\" alt=\"\" width=\"45\" height=\"35\" align=\"absmiddle\" \/><\/a><strong><a href=\"http:\/\/www.apuntesdelengua.com\/archivos\/1ESO\/pasapalabra\/sergioja1a.htm\" target=\"_blank\"><\/p>\n<p style=\"text-align: justify;\"><span style=\"font-family: 'Century Gothic';\"><span style=\"font-size: medium;\">Sergio Jim\u00e9nez<\/a><br \/>\n<\/strong><\/p>\n","protected":false},"excerpt":{"rendered":"<p>Basado en el famoso y exitoso programa televisivo, nuestr@s alumn@s dise\u00f1ar\u00e1n diferentes roscos en formato Hot Potatoes. Tendr\u00e1s que ser m\u00e1s r\u00e1pido que el cron\u00f3metro para resolverlo correctamente. Potenciamos as\u00ed que nuestr@s alumn@s se interesen por el aprendizaje de una manera l\u00fadica y competitiva, haciendo de las TIC&#8217;s una herramienta tan \u00fatil como interesante a<\/p>\n","protected":false},"author":1,"featured_media":0,"parent":100,"menu_order":6,"comment_status":"open","ping_status":"open","template":"","meta":{"_monsterinsights_skip_tracking":false,"_monsterinsights_sitenote_active":false,"_monsterinsights_sitenote_note":"","_monsterinsights_sitenote_category":0},"aioseo_notices":[],"_links":{"self":[{"href":"http:\/\/www.apuntesdelengua.com\/blog\/wp-json\/wp\/v2\/pages\/546"}],"collection":[{"href":"http:\/\/www.apuntesdelengua.com\/blog\/wp-json\/wp\/v2\/pages"}],"about":[{"href":"http:\/\/www.apuntesdelengua.com\/blog\/wp-json\/wp\/v2\/types\/page"}],"author":[{"embeddable":true,"href":"http:\/\/www.apuntesdelengua.com\/blog\/wp-json\/wp\/v2\/users\/1"}],"replies":[{"embeddable":true,"href":"http:\/\/www.apuntesdelengua.com\/blog\/wp-json\/wp\/v2\/comments?post=546"}],"version-history":[{"count":17,"href":"http:\/\/www.apuntesdelengua.com\/blog\/wp-json\/wp\/v2\/pages\/546\/revisions"}],"predecessor-version":[{"id":548,"href":"http:\/\/www.apuntesdelengua.com\/blog\/wp-json\/wp\/v2\/pages\/546\/revisions\/548"}],"up":[{"embeddable":true,"href":"http:\/\/www.apuntesdelengua.com\/blog\/wp-json\/wp\/v2\/pages\/100"}],"wp:attachment":[{"href":"http:\/\/www.apuntesdelengua.com\/blog\/wp-json\/wp\/v2\/media?parent=546"}],"curies":[{"name":"wp","href":"https:\/\/api.w.org\/{rel}","templated":true}]}}